CRAN Package Check Results for Package gapfill

Last updated on 2020-07-07 04:47:15 CEST.

Flavor Version Tinstall Tcheck Ttotal Status Flags
r-devel-linux-x86_64-debian-clang 0.9.6 26.80 124.63 151.43 OK
r-devel-linux-x86_64-debian-gcc 0.9.6 21.86 94.36 116.22 OK
r-devel-linux-x86_64-fedora-clang 0.9.6 193.86 OK
r-devel-linux-x86_64-fedora-gcc 0.9.6 179.10 OK
r-devel-windows-ix86+x86_64 0.9.6 51.00 205.00 256.00 OK
r-patched-linux-x86_64 0.9.6 22.63 121.68 144.31 OK
r-patched-solaris-x86 0.9.6 246.30 OK
r-release-linux-x86_64 0.9.6 21.29 121.08 142.37 OK
r-release-osx-x86_64 0.9.6 NOTE
r-release-windows-ix86+x86_64 0.9.6 61.00 206.00 267.00 OK
r-oldrel-osx-x86_64 0.9.6 NOTE
r-oldrel-windows-ix86+x86_64 0.9.6 72.00 260.00 332.00 OK

Check Details

Version: 0.9.6
Check: package dependencies
Result: NOTE
    Package which this enhances but not available for checking: ‘doMPI’
Flavors: r-release-osx-x86_64, r-oldrel-osx-x86_64