CRAN Package Check Results for Package gapfill

Last updated on 2019-08-20 04:47:03 CEST.

Flavor Version Tinstall Tcheck Ttotal Status Flags
r-devel-linux-x86_64-debian-clang 0.9.6 22.15 105.60 127.75 OK
r-devel-linux-x86_64-debian-gcc 0.9.6 17.88 81.29 99.17 OK
r-devel-linux-x86_64-fedora-clang 0.9.6 162.56 OK
r-devel-linux-x86_64-fedora-gcc 0.9.6 155.85 OK
r-devel-windows-ix86+x86_64 0.9.6 65.00 232.00 297.00 OK
r-patched-linux-x86_64 0.9.6 19.25 100.68 119.93 OK
r-patched-solaris-x86 0.9.6 206.60 OK
r-release-linux-x86_64 0.9.6 19.93 100.24 120.17 OK
r-release-windows-ix86+x86_64 0.9.6 45.00 157.00 202.00 OK
r-release-osx-x86_64 0.9.6 NOTE
r-oldrel-windows-ix86+x86_64 0.9.6 58.00 228.00 286.00 OK
r-oldrel-osx-x86_64 0.9.6 NOTE

Check Details

Version: 0.9.6
Check: package dependencies
Result: NOTE
    Package which this enhances but not available for checking: ‘doMPI’
Flavors: r-release-osx-x86_64, r-oldrel-osx-x86_64