CRAN Package Check Results for Package gapfill

Last updated on 2019-06-17 04:46:35 CEST.

Flavor Version Tinstall Tcheck Ttotal Status Flags
r-devel-linux-x86_64-debian-clang 0.9.6 21.84 103.46 125.30 OK
r-devel-linux-x86_64-debian-gcc 0.9.6 16.64 81.09 97.73 OK
r-devel-linux-x86_64-fedora-clang 0.9.6 153.82 OK
r-devel-linux-x86_64-fedora-gcc 0.9.6 144.09 OK
r-devel-windows-ix86+x86_64 0.9.6 70.00 178.00 248.00 OK
r-patched-linux-x86_64 0.9.6 20.75 100.71 121.46 OK
r-patched-solaris-x86 0.9.6 203.40 OK
r-release-linux-x86_64 0.9.6 19.96 100.92 120.88 OK
r-release-windows-ix86+x86_64 0.9.6 44.00 238.00 282.00 OK
r-release-osx-x86_64 0.9.6 NOTE
r-oldrel-windows-ix86+x86_64 0.9.6 37.00 226.00 263.00 OK
r-oldrel-osx-x86_64 0.9.6 NOTE

Check Details

Version: 0.9.6
Check: package dependencies
Result: NOTE
    Package which this enhances but not available for checking: ‘doMPI’
Flavors: r-release-osx-x86_64, r-oldrel-osx-x86_64