CRAN Package Check Results for Package quantreg

Last updated on 2019-05-26 04:46:45 CEST.

Flavor Version Tinstall Tcheck Ttotal Status Flags
r-devel-linux-x86_64-debian-clang 5.38 20.20 150.13 170.33 OK
r-devel-linux-x86_64-debian-gcc 5.38 19.99 114.65 134.64 OK
r-devel-linux-x86_64-fedora-clang 5.38 209.31 NOTE
r-devel-linux-x86_64-fedora-gcc 5.38 202.49 NOTE
r-devel-windows-ix86+x86_64 5.38 67.00 294.00 361.00 OK
r-patched-linux-x86_64 5.38 OK
r-patched-solaris-x86 5.38 299.10 OK
r-release-linux-x86_64 5.38 23.11 147.89 171.00 OK
r-release-windows-ix86+x86_64 5.38 78.00 214.00 292.00 OK
r-release-osx-x86_64 5.38 FAIL
r-oldrel-windows-ix86+x86_64 5.38 66.00 204.00 270.00 OK
r-oldrel-osx-x86_64 5.38 OK

Additional issues

LTO

Check Details

Version: 5.38
Check: compiled code
Result: NOTE
    File ‘quantreg/libs/quantreg.so’:
     Found no calls to: ‘R_registerRoutines’, ‘R_useDynamicSymbols’
    
    It is good practice to register native routines and to disable symbol
    search.
    
    See ‘Writing portable packages’ in the ‘Writing R Extensions’ manual.
Flavors: r-devel-linux-x86_64-fedora-clang, r-devel-linux-x86_64-fedora-gcc

Version: 5.38
Check: dependencies in R code
Result: FAIL
    
Flavor: r-release-osx-x86_64