CRAN Package Check Results for Package quantreg

Last updated on 2019-08-20 04:47:11 CEST.

Flavor Version Tinstall Tcheck Ttotal Status Flags
r-devel-linux-x86_64-debian-clang 5.51 24.33 134.64 158.97 OK
r-devel-linux-x86_64-debian-gcc 5.51 19.52 103.43 122.95 OK
r-devel-linux-x86_64-fedora-clang 5.51 187.31 OK
r-devel-linux-x86_64-fedora-gcc 5.51 189.83 OK
r-devel-windows-ix86+x86_64 5.51 69.00 228.00 297.00 OK
r-patched-linux-x86_64 5.51 22.01 131.55 153.56 OK
r-patched-solaris-x86 5.51 275.90 OK
r-release-linux-x86_64 5.51 22.84 132.19 155.03 OK
r-release-windows-ix86+x86_64 5.51 67.00 208.00 275.00 OK
r-release-osx-x86_64 5.51 NOTE
r-oldrel-windows-ix86+x86_64 5.51 79.00 245.00 324.00 OK
r-oldrel-osx-x86_64 5.51 NOTE

Check Details

Version: 5.51
Check: dependencies in R code
Result: NOTE
    No protocol specified
Flavors: r-release-osx-x86_64, r-oldrel-osx-x86_64