Last updated on 2023-01-27 03:53:39 CET.
Flavor | Version | Tinstall | Tcheck | Ttotal | Status | Flags |
---|---|---|---|---|---|---|
r-devel-linux-x86_64-debian-clang | 1.8.2 | 95.41 | 264.22 | 359.63 | OK | |
r-devel-linux-x86_64-debian-gcc | 1.8.2 | 70.52 | 181.11 | 251.63 | OK | |
r-devel-linux-x86_64-fedora-clang | 1.8.2 | 491.95 | OK | |||
r-devel-linux-x86_64-fedora-gcc | 1.8.2 | 447.87 | OK | |||
r-devel-windows-x86_64 | 1.8.2 | 74.00 | 484.00 | 558.00 | OK | |
r-patched-linux-x86_64 | 1.8.2 | 73.70 | 260.33 | 334.03 | OK | |
r-release-linux-x86_64 | 1.8.2 | 70.81 | 258.91 | 329.72 | OK | |
r-release-macos-arm64 | 1.8.2 | 117.00 | NOTE | |||
r-release-macos-x86_64 | 1.8.2 | 181.00 | NOTE | |||
r-release-windows-x86_64 | 1.8.2 | 69.00 | 482.00 | 551.00 | OK | |
r-oldrel-macos-arm64 | 1.8.2 | 111.00 | NOTE | |||
r-oldrel-macos-x86_64 | 1.8.2 | 182.00 | NOTE | |||
r-oldrel-windows-ix86+x86_64 | 1.8.2 | 197.00 | 457.00 | 654.00 | OK |
Version: 1.8.2
Check: installed package size
Result: NOTE
installed size is 7.0Mb
sub-directories of 1Mb or more:
doc 1.7Mb
libs 5.0Mb
Flavors: r-release-macos-arm64, r-release-macos-x86_64, r-oldrel-macos-arm64, r-oldrel-macos-x86_64