CRAN Package Check Results for Package ADAPTS

Last updated on 2022-12-05 03:54:54 CET.

Flavor Version Tinstall Tcheck Ttotal Status Flags
r-devel-linux-x86_64-debian-clang 1.0.22 6.26 88.11 94.37 OK
r-devel-linux-x86_64-debian-gcc 1.0.22 4.94 63.16 68.10 OK
r-devel-linux-x86_64-fedora-clang 1.0.22 126.37 NOTE
r-devel-linux-x86_64-fedora-gcc 1.0.22 127.51 OK
r-devel-windows-x86_64 1.0.22 30.00 150.00 180.00 NOTE
r-patched-linux-x86_64 1.0.22 4.55 81.81 86.36 OK
r-release-linux-x86_64 1.0.22 4.70 77.25 81.95 OK
r-release-macos-arm64 1.0.22 32.00 NOTE
r-release-macos-x86_64 1.0.22 49.00 NOTE
r-release-windows-x86_64 1.0.22 32.00 120.00 152.00 NOTE
r-oldrel-macos-arm64 1.0.22 32.00 NOTE
r-oldrel-macos-x86_64 1.0.22 55.00 NOTE
r-oldrel-windows-ix86+x86_64 1.0.22 11.00 113.00 124.00 NOTE

Check Details

Version: 1.0.22
Check: installed package size
Result: NOTE
     installed size is 7.6Mb
     sub-directories of 1Mb or more:
     doc 7.1Mb
Flavors: r-devel-linux-x86_64-fedora-clang, r-devel-windows-x86_64, r-release-macos-arm64, r-release-macos-x86_64, r-release-windows-x86_64, r-oldrel-macos-arm64, r-oldrel-macos-x86_64, r-oldrel-windows-ix86+x86_64

Version: 1.0.22
Check: package dependencies
Result: NOTE
    Package suggested but not available for checking: ‘DeconRNASeq’
Flavor: r-oldrel-macos-arm64