Last updated on 2022-08-13 04:57:41 CEST.
Flavor | Version | Tinstall | Tcheck | Ttotal | Status | Flags |
---|---|---|---|---|---|---|
r-devel-linux-x86_64-debian-clang | 2.3.4 | 6.68 | 59.12 | 65.80 | NOTE | |
r-devel-linux-x86_64-debian-gcc | 2.3.4 | 4.88 | 44.15 | 49.03 | NOTE | |
r-devel-linux-x86_64-fedora-clang | 2.3.4 | 90.97 | NOTE | |||
r-devel-linux-x86_64-fedora-gcc | 2.3.4 | 89.41 | NOTE | |||
r-devel-windows-x86_64 | 2.3.4 | 23.00 | 102.00 | 125.00 | NOTE | |
r-patched-linux-x86_64 | 2.3.4 | 4.97 | 57.07 | 62.04 | OK | |
r-release-linux-x86_64 | 2.3.4 | 6.53 | 56.93 | 63.46 | OK | |
r-release-macos-arm64 | 2.3.4 | 31.00 | OK | |||
r-release-macos-x86_64 | 2.3.4 | 46.00 | OK | |||
r-release-windows-x86_64 | 2.3.4 | 20.00 | 100.00 | 120.00 | OK | |
r-oldrel-macos-arm64 | 2.3.4 | 27.00 | OK | |||
r-oldrel-macos-x86_64 | 2.3.4 | 43.00 | OK | |||
r-oldrel-windows-ix86+x86_64 | 2.3.4 | 13.00 | 109.00 | 122.00 | OK |
Version: 2.3.4
Check: Rd files
Result: NOTE
checkRd: (-1) adapt.Rd:41: Escaped LaTeX specials: \$
Flavors: r-devel-linux-x86_64-debian-clang, r-devel-linux-x86_64-debian-gcc, r-devel-linux-x86_64-fedora-clang, r-devel-linux-x86_64-fedora-gcc, r-devel-windows-x86_64