CRAN Package Check Results for Package ALUES

Last updated on 2022-12-05 03:54:54 CET.

Flavor Version Tinstall Tcheck Ttotal Status Flags
r-devel-linux-x86_64-debian-clang 0.2.1 50.23 88.64 138.87 OK
r-devel-linux-x86_64-debian-gcc 0.2.1 34.56 70.23 104.79 OK
r-devel-linux-x86_64-fedora-clang 0.2.1 215.29 OK
r-devel-linux-x86_64-fedora-gcc 0.2.1 202.40 OK
r-devel-windows-x86_64 0.2.1 196.00 197.00 393.00 OK
r-patched-linux-x86_64 0.2.1 42.49 83.76 126.25 OK
r-release-linux-x86_64 0.2.1 40.77 77.93 118.70 OK
r-release-macos-arm64 0.2.1 48.00 OK
r-release-macos-x86_64 0.2.1 78.00 OK
r-release-windows-x86_64 0.2.1 181.00 169.00 350.00 OK
r-oldrel-macos-arm64 0.2.1 64.00 OK
r-oldrel-macos-x86_64 0.2.1 105.00 OK
r-oldrel-windows-ix86+x86_64 0.2.1 126.00 165.00 291.00 NOTE

Check Details

Version: 0.2.1
Check: installed package size
Result: NOTE
     installed size is 5.1Mb
     sub-directories of 1Mb or more:
     doc 2.4Mb
     libs 2.1Mb
Flavor: r-oldrel-windows-ix86+x86_64