Last updated on 2023-01-30 04:52:15 CET.
Flavor | Version | Tinstall | Tcheck | Ttotal | Status | Flags |
---|---|---|---|---|---|---|
r-devel-linux-x86_64-debian-clang | 0.0.16 | 785.69 | 160.18 | 945.87 | OK | |
r-devel-linux-x86_64-debian-gcc | 0.0.16 | 586.32 | 119.03 | 705.35 | NOTE | |
r-devel-linux-x86_64-fedora-clang | 0.0.16 | 1578.91 | OK | |||
r-devel-linux-x86_64-fedora-gcc | 0.0.16 | 1202.76 | NOTE | |||
r-devel-windows-x86_64 | 0.0.16 | 610.00 | 250.00 | 860.00 | NOTE | |
r-patched-linux-x86_64 | 0.0.16 | 582.66 | 141.89 | 724.55 | OK | |
r-release-linux-x86_64 | 0.0.16 | 625.15 | 144.46 | 769.61 | OK | |
r-release-macos-arm64 | 0.0.16 | 224.00 | NOTE | |||
r-release-macos-x86_64 | 0.0.16 | 345.00 | NOTE | |||
r-release-windows-x86_64 | 0.0.16 | 632.00 | 224.00 | 856.00 | OK | |
r-oldrel-macos-arm64 | 0.0.16 | 195.00 | NOTE | |||
r-oldrel-macos-x86_64 | 0.0.16 | 345.00 | NOTE | |||
r-oldrel-windows-ix86+x86_64 | 0.0.16 | 1856.00 | 255.00 | 2111.00 | NOTE |
Version: 0.0.16
Check: C++ specification
Result: NOTE
Specified C++11: please update to current default of C++17
Flavors: r-devel-linux-x86_64-debian-gcc, r-devel-linux-x86_64-fedora-gcc, r-devel-windows-x86_64
Version: 0.0.16
Check: installed package size
Result: NOTE
installed size is 16.4Mb
sub-directories of 1Mb or more:
libs 14.2Mb
Flavors: r-release-macos-arm64, r-release-macos-x86_64, r-oldrel-macos-arm64, r-oldrel-macos-x86_64, r-oldrel-windows-ix86+x86_64