CRAN Package Check Results for Package APML0

Last updated on 2022-08-13 04:57:42 CEST.

Flavor Version Tinstall Tcheck Ttotal Status Flags
r-devel-linux-x86_64-debian-clang 0.10 62.83 78.39 141.22 NOTE
r-devel-linux-x86_64-debian-gcc 0.10 44.96 58.94 103.90 NOTE
r-devel-linux-x86_64-fedora-clang 0.10 202.00 NOTE
r-devel-linux-x86_64-fedora-gcc 0.10 185.76 NOTE
r-devel-windows-x86_64 0.10 43.00 118.00 161.00 NOTE
r-patched-linux-x86_64 0.10 51.47 74.09 125.56 NOTE
r-release-linux-x86_64 0.10 53.38 74.64 128.02 NOTE
r-release-macos-arm64 0.10 49.00 NOTE
r-release-macos-x86_64 0.10 70.00 NOTE
r-release-windows-x86_64 0.10 44.00 120.00 164.00 NOTE
r-oldrel-macos-arm64 0.10 58.00 NOTE
r-oldrel-macos-x86_64 0.10 100.00 NOTE
r-oldrel-windows-ix86+x86_64 0.10 113.00 135.00 248.00 NOTE

Check Details

Version: 0.10
Check: LazyData
Result: NOTE
     'LazyData' is specified without a 'data' directory
Flavors: r-devel-linux-x86_64-debian-clang, r-devel-linux-x86_64-debian-gcc, r-devel-linux-x86_64-fedora-clang, r-devel-linux-x86_64-fedora-gcc, r-devel-windows-x86_64, r-patched-linux-x86_64, r-release-linux-x86_64, r-release-macos-arm64, r-release-macos-x86_64, r-release-windows-x86_64, r-oldrel-macos-arm64, r-oldrel-macos-x86_64, r-oldrel-windows-ix86+x86_64

Version: 0.10
Check: installed package size
Result: NOTE
     installed size is 7.9Mb
     sub-directories of 1Mb or more:
     libs 7.7Mb
Flavors: r-devel-linux-x86_64-fedora-clang, r-release-macos-arm64, r-release-macos-x86_64, r-oldrel-macos-arm64, r-oldrel-macos-x86_64