CRAN Package Check Results for Package AnnoProbe

Last updated on 2022-09-25 04:52:50 CEST.

Flavor Version Tinstall Tcheck Ttotal Status Flags
r-devel-linux-x86_64-debian-clang 0.1.6 17.53 85.93 103.46 OK
r-devel-linux-x86_64-debian-gcc 0.1.6 14.27 64.14 78.41 OK
r-devel-linux-x86_64-fedora-clang 0.1.6 139.71 OK
r-devel-linux-x86_64-fedora-gcc 0.1.6 129.92 OK
r-devel-windows-x86_64 0.1.6 29.00 108.00 137.00 OK
r-patched-linux-x86_64 0.1.6 14.13 80.44 94.57 OK
r-release-linux-x86_64 0.1.6 15.12 80.21 95.33 OK
r-release-macos-arm64 0.1.6 46.00 OK
r-release-macos-x86_64 0.1.6 76.00 OK
r-release-windows-x86_64 0.1.6 25.00 106.00 131.00 OK
r-oldrel-macos-arm64 0.1.6 48.00 NOTE
r-oldrel-macos-x86_64 0.1.6 59.00 OK
r-oldrel-windows-ix86+x86_64 0.1.6 33.00 107.00 140.00 OK

Check Details

Version: 0.1.6
Check: package dependencies
Result: NOTE
    Package suggested but not available for checking: ‘GEOquery’
Flavor: r-oldrel-macos-arm64