CRAN Package Check Results for Package AntMAN

Last updated on 2023-01-31 04:06:11 CET.

Flavor Version Tinstall Tcheck Ttotal Status Flags
r-devel-linux-x86_64-debian-clang 1.1.0 71.70 334.52 406.22 OK
r-devel-linux-x86_64-debian-gcc 1.1.0 62.04 358.07 420.11 NOTE
r-devel-linux-x86_64-fedora-clang 1.1.0 479.71 NOTE
r-devel-linux-x86_64-fedora-gcc 1.1.0 447.50 NOTE
r-devel-windows-x86_64 1.1.0 89.00 392.00 481.00 NOTE
r-patched-linux-x86_64 1.1.0 54.50 340.67 395.17 OK
r-release-linux-x86_64 1.1.0 53.71 319.31 373.02 OK
r-release-macos-arm64 1.1.0 119.00 NOTE
r-release-macos-x86_64 1.1.0 203.00 NOTE
r-release-windows-x86_64 1.1.0 110.00 396.00 506.00 OK
r-oldrel-macos-arm64 1.1.0 136.00 NOTE
r-oldrel-macos-x86_64 1.1.0 148.00 NOTE
r-oldrel-windows-ix86+x86_64 1.1.0 175.00 660.00 835.00 OK

Check Details

Version: 1.1.0
Check: C++ specification
Result: NOTE
     Specified C++11: please update to current default of C++17
Flavors: r-devel-linux-x86_64-debian-gcc, r-devel-linux-x86_64-fedora-clang, r-devel-linux-x86_64-fedora-gcc, r-devel-windows-x86_64

Version: 1.1.0
Check: dependencies in R code
Result: NOTE
    Namespaces in Imports field not imported from:
     ‘Rdpack’ ‘mcclust’
     All declared Imports should be used.
Flavors: r-devel-linux-x86_64-fedora-clang, r-devel-linux-x86_64-fedora-gcc, r-release-macos-arm64, r-release-macos-x86_64, r-oldrel-macos-arm64, r-oldrel-macos-x86_64

Version: 1.1.0
Check: installed package size
Result: NOTE
     installed size is 5.7Mb
     sub-directories of 1Mb or more:
     libs 5.4Mb
Flavors: r-release-macos-arm64, r-release-macos-x86_64, r-oldrel-macos-arm64, r-oldrel-macos-x86_64