Last updated on 2022-08-12 04:53:17 CEST.
Flavor | Version | Tinstall | Tcheck | Ttotal | Status | Flags |
---|---|---|---|---|---|---|
r-devel-linux-x86_64-debian-clang | 1.8 | 15.96 | 218.23 | 234.19 | OK | |
r-devel-linux-x86_64-debian-gcc | 1.8 | 13.13 | 163.39 | 176.52 | OK | |
r-devel-linux-x86_64-fedora-clang | 1.8 | 293.41 | NOTE | |||
r-devel-linux-x86_64-fedora-gcc | 1.8 | 296.47 | OK | |||
r-devel-windows-x86_64 | 1.8 | 135.00 | 302.00 | 437.00 | NOTE | |
r-patched-linux-x86_64 | 1.8 | 11.93 | 206.63 | 218.56 | OK | |
r-release-linux-x86_64 | 1.8 | 11.27 | 206.62 | 217.89 | OK | |
r-release-macos-arm64 | 1.8 | 84.00 | NOTE | |||
r-release-macos-x86_64 | 1.8 | 126.00 | NOTE | |||
r-release-windows-x86_64 | 1.8 | 126.00 | 282.00 | 408.00 | NOTE | |
r-oldrel-macos-arm64 | 1.8 | 79.00 | NOTE | |||
r-oldrel-macos-x86_64 | 1.8 | 132.00 | NOTE | |||
r-oldrel-windows-ix86+x86_64 | 1.8 | 35.00 | 280.00 | 315.00 | NOTE |
Version: 1.8
Check: installed package size
Result: NOTE
installed size is 7.2Mb
sub-directories of 1Mb or more:
doc 5.8Mb
Flavors: r-devel-linux-x86_64-fedora-clang, r-devel-windows-x86_64, r-release-macos-arm64, r-release-macos-x86_64, r-release-windows-x86_64, r-oldrel-macos-arm64, r-oldrel-macos-x86_64, r-oldrel-windows-ix86+x86_64
Version: 1.8
Check: Rd cross-references
Result: NOTE
Undeclared package ‘RCurl’ in Rd xrefs
Flavor: r-devel-linux-x86_64-fedora-clang