CRAN Package Check Results for Package AssetCorr

Last updated on 2022-12-05 03:54:54 CET.

Flavor Version Tinstall Tcheck Ttotal Status Flags
r-devel-linux-x86_64-debian-clang 1.0.4 11.29 98.13 109.42 OK
r-devel-linux-x86_64-debian-gcc 1.0.4 8.37 72.56 80.93 OK
r-devel-linux-x86_64-fedora-clang 1.0.4 150.72 NOTE
r-devel-linux-x86_64-fedora-gcc 1.0.4 390.13 NOTE
r-devel-windows-x86_64 1.0.4 29.00 128.00 157.00 OK
r-patched-linux-x86_64 1.0.4 12.76 91.98 104.74 OK
r-release-linux-x86_64 1.0.4 11.37 283.58 294.95 OK
r-release-macos-arm64 1.0.4 92.00 NOTE
r-release-macos-x86_64 1.0.4 125.00 NOTE
r-release-windows-x86_64 1.0.4 28.00 355.00 383.00 OK
r-oldrel-macos-arm64 1.0.4 141.00 NOTE
r-oldrel-macos-x86_64 1.0.4 201.00 NOTE
r-oldrel-windows-ix86+x86_64 1.0.4 28.00 113.00 141.00 OK

Check Details

Version: 1.0.4
Check: dependencies in R code
Result: NOTE
    Namespace in Imports field not imported from: ‘knitr’
     All declared Imports should be used.
Flavors: r-devel-linux-x86_64-fedora-clang, r-devel-linux-x86_64-fedora-gcc, r-release-macos-arm64, r-release-macos-x86_64, r-oldrel-macos-arm64, r-oldrel-macos-x86_64