CRAN Package Check Results for Package AzureGraph

Last updated on 2024-02-24 03:52:28 CET.

Flavor Version Tinstall Tcheck Ttotal Status Flags
r-devel-linux-x86_64-debian-clang 1.3.4 11.67 39.69 51.36 OK
r-devel-linux-x86_64-debian-gcc 1.3.4 8.23 30.98 39.21 OK
r-devel-linux-x86_64-fedora-clang 1.3.4 64.48 NOTE
r-devel-linux-x86_64-fedora-gcc 1.3.4 73.38 NOTE
r-devel-windows-x86_64 1.3.4 10.00 55.00 65.00 OK
r-patched-linux-x86_64 1.3.4 13.48 39.27 52.75 OK
r-release-linux-x86_64 1.3.4 10.05 38.99 49.04 OK
r-release-macos-arm64 1.3.4 45.00 OK
r-release-macos-x86_64 1.3.4 58.00 OK
r-release-windows-x86_64 1.3.4 12.00 59.00 71.00 OK
r-oldrel-macos-arm64 1.3.4 29.00 OK
r-oldrel-windows-x86_64 1.3.4 13.00 57.00 70.00 OK

Check Details

Version: 1.3.4
Check: dependencies in R code
Result: NOTE Namespace in Imports field not imported from: ‘curl’ All declared Imports should be used. Flavors: r-devel-linux-x86_64-fedora-clang, r-devel-linux-x86_64-fedora-gcc