Last updated on 2023-02-05 03:53:39 CET.
Flavor | Version | Tinstall | Tcheck | Ttotal | Status | Flags |
---|---|---|---|---|---|---|
r-devel-linux-x86_64-debian-clang | 1.3.2 | 10.79 | 38.06 | 48.85 | OK | |
r-devel-linux-x86_64-debian-gcc | 1.3.2 | 9.21 | 29.46 | 38.67 | OK | |
r-devel-linux-x86_64-fedora-clang | 1.3.2 | 65.17 | NOTE | |||
r-devel-linux-x86_64-fedora-gcc | 1.3.2 | 74.82 | NOTE | |||
r-devel-windows-x86_64 | 1.3.2 | 46.00 | 74.00 | 120.00 | OK | |
r-patched-linux-x86_64 | 1.3.2 | 15.72 | 36.91 | 52.63 | OK | |
r-release-linux-x86_64 | 1.3.2 | 9.83 | 34.32 | 44.15 | OK | |
r-release-macos-arm64 | 1.3.2 | 22.00 | NOTE | |||
r-release-macos-x86_64 | 1.3.2 | 32.00 | NOTE | |||
r-release-windows-x86_64 | 1.3.2 | 45.00 | 77.00 | 122.00 | OK | |
r-oldrel-macos-arm64 | 1.3.2 | 32.00 | NOTE | |||
r-oldrel-macos-x86_64 | 1.3.2 | 34.00 | NOTE | |||
r-oldrel-windows-ix86+x86_64 | 1.3.2 | 19.00 | 61.00 | 80.00 | OK |
Version: 1.3.2
Check: dependencies in R code
Result: NOTE
Namespace in Imports field not imported from: ‘curl’
All declared Imports should be used.
Flavors: r-devel-linux-x86_64-fedora-clang, r-devel-linux-x86_64-fedora-gcc, r-release-macos-arm64, r-release-macos-x86_64, r-oldrel-macos-arm64, r-oldrel-macos-x86_64