Last updated on 2023-01-29 03:55:08 CET.
Flavor | Version | Tinstall | Tcheck | Ttotal | Status | Flags |
---|---|---|---|---|---|---|
r-devel-linux-x86_64-debian-clang | 1.2.2 | 10.47 | 84.91 | 95.38 | OK | --no-vignettes |
r-devel-linux-x86_64-debian-gcc | 1.2.2 | 5.86 | 61.10 | 66.96 | OK | --no-vignettes |
r-devel-linux-x86_64-fedora-clang | 1.2.2 | 112.83 | OK | --no-vignettes | ||
r-devel-linux-x86_64-fedora-gcc | 1.2.2 | 108.41 | OK | --no-vignettes | ||
r-devel-windows-x86_64 | 1.2.2 | 37.00 | 132.00 | 169.00 | OK | --no-vignettes |
r-patched-linux-x86_64 | 1.2.2 | 8.38 | 79.84 | 88.22 | OK | --no-vignettes |
r-release-linux-x86_64 | 1.2.2 | 6.20 | 81.26 | 87.46 | OK | --no-vignettes |
r-release-macos-arm64 | 1.2.2 | 1190.00 | OK | |||
r-release-macos-x86_64 | 1.2.2 | 1803.00 | ERROR | |||
r-release-windows-x86_64 | 1.2.2 | 26.00 | 123.00 | 149.00 | OK | --no-vignettes |
r-oldrel-macos-arm64 | 1.2.2 | 1157.00 | OK | |||
r-oldrel-macos-x86_64 | 1.2.2 | 1803.00 | OK | |||
r-oldrel-windows-ix86+x86_64 | 1.2.2 | 16.00 | 131.00 | 147.00 | OK | --no-vignettes |
Version: 1.2.2
Check: re-building of vignette outputs
Result: ERROR
Error(s) in re-building vignettes:
...
--- re-building ‘article4.Rnw’ using knitr
Execution halted
* checking PDF version of manual ...* using check arguments '--no-clean-on-error '
Flavor: r-release-macos-x86_64