Last updated on 2023-12-02 03:57:34 CET.
Flavor | Version | Tinstall | Tcheck | Ttotal | Status | Flags |
---|---|---|---|---|---|---|
r-devel-linux-x86_64-debian-clang | 0.1.3 | 47.28 | 89.49 | 136.77 | NOTE | |
r-devel-linux-x86_64-debian-gcc | 0.1.3 | 32.53 | 67.80 | 100.33 | NOTE | |
r-devel-linux-x86_64-fedora-clang | 0.1.3 | 181.70 | NOTE | |||
r-devel-linux-x86_64-fedora-gcc | 0.1.3 | 280.55 | NOTE | |||
r-devel-windows-x86_64 | 0.1.3 | 36.00 | 102.00 | 138.00 | NOTE | |
r-patched-linux-x86_64 | 0.1.3 | 32.77 | 87.37 | 120.14 | NOTE | |
r-release-linux-x86_64 | 0.1.3 | 29.66 | 86.02 | 115.68 | NOTE | |
r-release-macos-arm64 | 0.1.3 | 84.00 | NOTE | |||
r-release-macos-x86_64 | 0.1.3 | 138.00 | NOTE | |||
r-release-windows-x86_64 | 0.1.3 | 48.00 | 117.00 | 165.00 | NOTE | |
r-oldrel-macos-arm64 | 0.1.3 | 71.00 | OK | |||
r-oldrel-macos-x86_64 | 0.1.3 | 119.00 | OK | |||
r-oldrel-windows-x86_64 | 0.1.3 | 46.00 | 119.00 | 165.00 | OK |
Version: 0.1.3
Check: C++ specification
Result: NOTE
Specified C++11: please drop specification unless essential
Flavors: r-devel-linux-x86_64-debian-clang, r-devel-linux-x86_64-debian-gcc, r-devel-linux-x86_64-fedora-clang, r-devel-linux-x86_64-fedora-gcc, r-devel-windows-x86_64, r-patched-linux-x86_64, r-release-linux-x86_64, r-release-macos-arm64, r-release-macos-x86_64, r-release-windows-x86_64