CRAN Package Check Results for Package BGmisc

Last updated on 2022-08-13 04:57:42 CEST.

Flavor Version Tinstall Tcheck Ttotal Status Flags
r-devel-linux-x86_64-debian-clang 0.1 4.08 26.10 30.18 NOTE
r-devel-linux-x86_64-debian-gcc 0.1 3.35 20.32 23.67 NOTE
r-devel-linux-x86_64-fedora-clang 0.1 47.00 NOTE
r-devel-linux-x86_64-fedora-gcc 0.1 47.18 NOTE
r-devel-windows-x86_64 0.1 13.00 50.00 63.00 NOTE
r-patched-linux-x86_64 0.1 4.40 24.52 28.92 NOTE
r-release-linux-x86_64 0.1 2.47 25.30 27.77 NOTE
r-release-macos-arm64 0.1 18.00 NOTE
r-release-macos-x86_64 0.1 22.00 NOTE
r-release-windows-x86_64 0.1 10.00 51.00 61.00 NOTE
r-oldrel-macos-arm64 0.1 22.00 NOTE
r-oldrel-macos-x86_64 0.1 30.00 NOTE
r-oldrel-windows-ix86+x86_64 0.1 7.00 41.00 48.00 NOTE

Check Details

Version: 0.1
Check: LazyData
Result: NOTE
     'LazyData' is specified without a 'data' directory
Flavors: r-devel-linux-x86_64-debian-clang, r-devel-linux-x86_64-debian-gcc, r-devel-linux-x86_64-fedora-clang, r-devel-linux-x86_64-fedora-gcc, r-devel-windows-x86_64, r-patched-linux-x86_64, r-release-linux-x86_64, r-release-macos-arm64, r-release-macos-x86_64, r-release-windows-x86_64, r-oldrel-macos-arm64, r-oldrel-macos-x86_64, r-oldrel-windows-ix86+x86_64