CRAN Package Check Results for Package BTLLasso

Last updated on 2022-08-19 05:01:33 CEST.

Flavor Version Tinstall Tcheck Ttotal Status Flags
r-devel-linux-x86_64-debian-clang 0.1-11 42.48 93.80 136.28 NOTE
r-devel-linux-x86_64-debian-gcc 0.1-11 40.94 73.30 114.24 NOTE
r-devel-linux-x86_64-fedora-clang 0.1-11 191.87 NOTE
r-devel-linux-x86_64-fedora-gcc 0.1-11 191.83 NOTE
r-devel-windows-x86_64 0.1-11 50.00 137.00 187.00 OK
r-patched-linux-x86_64 0.1-11 41.54 90.36 131.90 NOTE
r-release-linux-x86_64 0.1-11 NOTE
r-release-macos-arm64 0.1-11 48.00 OK
r-release-macos-x86_64 0.1-11 65.00 OK
r-release-windows-x86_64 0.1-11 61.00 136.00 197.00 OK
r-oldrel-macos-arm64 0.1-11 55.00 OK
r-oldrel-macos-x86_64 0.1-11 98.00 OK
r-oldrel-windows-ix86+x86_64 0.1-11 113.00 153.00 266.00 OK

Check Details

Version: 0.1-11
Check: package dependencies
Result: NOTE
    Package suggested but not available for checking: 'gvcm.cat'
Flavors: r-devel-linux-x86_64-debian-clang, r-devel-linux-x86_64-debian-gcc, r-devel-linux-x86_64-fedora-clang, r-devel-linux-x86_64-fedora-gcc, r-patched-linux-x86_64, r-release-linux-x86_64

Version: 0.1-11
Check: Rd cross-references
Result: NOTE
    Unknown package 'gvcm.cat' in Rd xrefs
Flavors: r-devel-linux-x86_64-debian-clang, r-devel-linux-x86_64-debian-gcc, r-devel-linux-x86_64-fedora-clang, r-devel-linux-x86_64-fedora-gcc, r-patched-linux-x86_64, r-release-linux-x86_64