CRAN Package Check Results for Package BayesOrdDesign

Last updated on 2022-09-30 04:59:04 CEST.

Flavor Version Tinstall Tcheck Ttotal Status Flags
r-devel-linux-x86_64-debian-clang 0.1.1 16.17 142.32 158.49 OK
r-devel-linux-x86_64-debian-gcc 0.1.1 13.57 106.25 119.82 OK
r-devel-linux-x86_64-fedora-clang 0.1.1 220.53 NOTE
r-devel-linux-x86_64-fedora-gcc 0.1.1 204.52 NOTE
r-devel-windows-x86_64 0.1.1 30.00 168.00 198.00 OK
r-patched-linux-x86_64 0.1.1 13.52 135.50 149.02 OK
r-release-linux-x86_64 0.1.1 10.98 134.15 145.13 OK
r-release-macos-arm64 0.1.1 64.00 NOTE
r-release-macos-x86_64 0.1.1 72.00 NOTE
r-release-windows-x86_64 0.1.1 51.00 164.00 215.00 OK
r-oldrel-macos-arm64 0.1.1 59.00 NOTE
r-oldrel-macos-x86_64 0.1.1 68.00 NOTE
r-oldrel-windows-ix86+x86_64 0.1.1 36.00 163.00 199.00 OK

Check Details

Version: 0.1.1
Check: dependencies in R code
Result: NOTE
    Namespaces in Imports field not imported from:
     ‘DescTools’ ‘fda’ ‘tidyverse’
     All declared Imports should be used.
Flavors: r-devel-linux-x86_64-fedora-clang, r-devel-linux-x86_64-fedora-gcc, r-release-macos-arm64, r-release-macos-x86_64, r-oldrel-macos-arm64, r-oldrel-macos-x86_64