Last updated on 2022-08-17 04:50:36 CEST.
Flavor | Version | Tinstall | Tcheck | Ttotal | Status | Flags |
---|---|---|---|---|---|---|
r-devel-linux-x86_64-debian-clang | 1.1.0 | 8.98 | 71.61 | 80.59 | OK | |
r-devel-linux-x86_64-debian-gcc | 1.1.0 | OK | ||||
r-devel-linux-x86_64-fedora-clang | 1.1.0 | 110.93 | NOTE | |||
r-devel-linux-x86_64-fedora-gcc | 1.1.0 | 113.00 | NOTE | |||
r-devel-windows-x86_64 | 1.1.0 | 43.00 | 107.00 | 150.00 | OK | |
r-patched-linux-x86_64 | 1.1.0 | 7.11 | 74.26 | 81.37 | OK | |
r-release-linux-x86_64 | 1.1.0 | 8.21 | 71.59 | 79.80 | OK | |
r-release-macos-arm64 | 1.1.0 | 38.00 | NOTE | |||
r-release-macos-x86_64 | 1.1.0 | 61.00 | NOTE | |||
r-release-windows-x86_64 | 1.1.0 | 18.00 | 116.00 | 134.00 | OK | |
r-oldrel-macos-arm64 | 1.1.0 | 44.00 | NOTE | |||
r-oldrel-macos-x86_64 | 1.1.0 | 92.00 | NOTE | |||
r-oldrel-windows-ix86+x86_64 | 1.1.0 | 17.00 | 101.00 | 118.00 | OK |
Version: 1.1.0
Check: dependencies in R code
Result: NOTE
Namespaces in Imports field not imported from:
‘MASS’ ‘Matrix’ ‘matrixcalc’ ‘stats’
All declared Imports should be used.
Flavors: r-devel-linux-x86_64-fedora-clang, r-devel-linux-x86_64-fedora-gcc, r-release-macos-arm64, r-release-macos-x86_64, r-oldrel-macos-arm64, r-oldrel-macos-x86_64