Last updated on 2023-02-06 03:54:24 CET.
Flavor | Version | Tinstall | Tcheck | Ttotal | Status | Flags |
---|---|---|---|---|---|---|
r-devel-linux-x86_64-debian-clang | 0.3-1.4 | 23.30 | 29.73 | 53.03 | NOTE | |
r-devel-linux-x86_64-debian-gcc | 0.3-1.4 | 14.73 | 24.06 | 38.79 | NOTE | |
r-devel-linux-x86_64-fedora-clang | 0.3-1.4 | 83.01 | NOTE | |||
r-devel-linux-x86_64-fedora-gcc | 0.3-1.4 | 63.47 | NOTE | |||
r-devel-windows-x86_64 | 0.3-1.4 | 46.00 | 78.00 | 124.00 | NOTE | |
r-patched-linux-x86_64 | 0.3-1.4 | 14.87 | 29.46 | 44.33 | OK | |
r-release-linux-x86_64 | 0.3-1.4 | 14.43 | 30.26 | 44.69 | OK | |
r-release-macos-arm64 | 0.3-1.4 | 24.00 | OK | |||
r-release-macos-x86_64 | 0.3-1.4 | 35.00 | OK | |||
r-release-windows-x86_64 | 0.3-1.4 | 56.00 | 83.00 | 139.00 | OK | |
r-oldrel-macos-arm64 | 0.3-1.4 | 30.00 | OK | |||
r-oldrel-macos-x86_64 | 0.3-1.4 | 71.00 | OK | |||
r-oldrel-windows-ix86+x86_64 | 0.3-1.4 | 50.00 | 77.00 | 127.00 | OK |
Version: 0.3-1.4
Check: Rd files
Result: NOTE
checkRd: (-1) bart.Rd:271: Escaped LaTeX specials: \_
Flavors: r-devel-linux-x86_64-debian-clang, r-devel-linux-x86_64-debian-gcc, r-devel-linux-x86_64-fedora-clang, r-devel-linux-x86_64-fedora-gcc, r-devel-windows-x86_64
Version: 0.3-1.4
Check: compiled code
Result: NOTE
File ‘BayesTree/libs/BayesTree.so’:
Found no calls to: ‘R_registerRoutines’, ‘R_useDynamicSymbols’
It is good practice to register native routines and to disable symbol
search.
See ‘Writing portable packages’ in the ‘Writing R Extensions’ manual.
Flavors: r-devel-linux-x86_64-fedora-clang, r-devel-linux-x86_64-fedora-gcc