CRAN Package Check Results for Package BayesTreePrior

Last updated on 2022-11-30 03:58:18 CET.

Flavor Version Tinstall Tcheck Ttotal Status Flags
r-devel-linux-x86_64-debian-clang 1.0.1 2.69 42.56 45.25 OK
r-devel-linux-x86_64-debian-gcc 1.0.1 1.63 31.54 33.17 OK
r-devel-linux-x86_64-fedora-clang 1.0.1 69.00 OK
r-devel-linux-x86_64-fedora-gcc 1.0.1 65.16 OK
r-devel-windows-x86_64 1.0.1 33.00 67.00 100.00 OK
r-patched-linux-x86_64 1.0.1 2.59 38.71 41.30 OK
r-release-linux-x86_64 1.0.1 1.94 39.52 41.46 OK
r-release-macos-arm64 1.0.1 18.00 OK
r-release-macos-x86_64 1.0.1 28.00 NOTE
r-release-windows-x86_64 1.0.1 24.00 65.00 89.00 OK
r-oldrel-macos-arm64 1.0.1 23.00 OK
r-oldrel-macos-x86_64 1.0.1 88.00 OK
r-oldrel-windows-ix86+x86_64 1.0.1 5.00 63.00 68.00 OK

Check Details

Version: 1.0.1
Check: package dependencies
Result: NOTE
    Package suggested but not available for checking: ‘BayesTree’
Flavor: r-release-macos-x86_64