CRAN Package Check Results for Package BetaBit

Last updated on 2022-12-01 04:00:27 CET.

Flavor Version Tinstall Tcheck Ttotal Status Flags
r-devel-linux-x86_64-debian-clang 1.4 4.29 39.64 43.93 OK
r-devel-linux-x86_64-debian-gcc 1.4 3.35 30.57 33.92 OK
r-devel-linux-x86_64-fedora-clang 1.4 66.99 NOTE
r-devel-linux-x86_64-fedora-gcc 1.4 63.38 NOTE
r-devel-windows-x86_64 1.4 23.00 69.00 92.00 OK
r-patched-linux-x86_64 1.4 3.86 38.05 41.91 OK
r-release-linux-x86_64 1.4 3.99 38.10 42.09 OK
r-release-macos-arm64 1.4 20.00 NOTE
r-release-macos-x86_64 1.4 28.00 NOTE
r-release-windows-x86_64 1.4 26.00 70.00 96.00 OK
r-oldrel-macos-arm64 1.4 24.00 NOTE
r-oldrel-macos-x86_64 1.4 33.00 NOTE
r-oldrel-windows-ix86+x86_64 1.4 9.00 62.00 71.00 OK

Check Details

Version: 1.4
Check: data for non-ASCII characters
Result: NOTE
     Note: found 20 marked UTF-8 strings
Flavors: r-devel-linux-x86_64-fedora-clang, r-devel-linux-x86_64-fedora-gcc, r-release-macos-arm64, r-release-macos-x86_64, r-oldrel-macos-arm64, r-oldrel-macos-x86_64