CRAN Package Check Results for Package BiasedUrn

Last updated on 2022-09-30 04:59:04 CEST.

Flavor Version Tinstall Tcheck Ttotal Status Flags
r-devel-linux-x86_64-debian-clang 1.07 8.27 26.33 34.60 OK
r-devel-linux-x86_64-debian-gcc 1.07 6.66 21.22 27.88 OK
r-devel-linux-x86_64-fedora-clang 1.07 60.44 WARN
r-devel-linux-x86_64-fedora-gcc 1.07 57.18 NOTE
r-devel-windows-x86_64 1.07 26.00 63.00 89.00 OK
r-patched-linux-x86_64 1.07 8.20 25.82 34.02 OK
r-release-linux-x86_64 1.07 6.69 25.81 32.50 OK
r-release-macos-arm64 1.07 25.00 OK
r-release-macos-x86_64 1.07 28.00 OK
r-release-windows-x86_64 1.07 16.00 66.00 82.00 OK
r-oldrel-macos-arm64 1.07 29.00 OK
r-oldrel-macos-x86_64 1.07 39.00 OK
r-oldrel-windows-ix86+x86_64 1.07 23.00 45.00 68.00 OK

Additional issues

clang15 clang15

Check Details

Version: 1.07
Check: whether package can be installed
Result: WARN
    Found the following significant warnings:
     ./stocc.h:192:3: warning: invalid UTF-8 in comment [-Winvalid-utf8]
     ./randomc.h:83:3: warning: invalid UTF-8 in comment [-Winvalid-utf8]
     ./stocR.h:54:3: warning: invalid UTF-8 in comment [-Winvalid-utf8]
     wnchyppr.cpp:636:50: warning: invalid UTF-8 in comment [-Winvalid-utf8]
     wnchyppr.cpp:637:43: warning: invalid UTF-8 in comment [-Winvalid-utf8]
     wnchyppr.cpp:668:21: warning: invalid UTF-8 in comment [-Winvalid-utf8]
Flavor: r-devel-linux-x86_64-fedora-clang

Version: 1.07
Check: compiled code
Result: NOTE
    File ‘BiasedUrn/libs/BiasedUrn.so’:
     Found no calls to: ‘R_registerRoutines’, ‘R_useDynamicSymbols’
    
    It is good practice to register native routines and to disable symbol
    search.
    
    See ‘Writing portable packages’ in the ‘Writing R Extensions’ manual.
Flavors: r-devel-linux-x86_64-fedora-clang, r-devel-linux-x86_64-fedora-gcc