Last updated on 2023-01-27 03:53:41 CET.
Flavor | Version | Tinstall | Tcheck | Ttotal | Status | Flags |
---|---|---|---|---|---|---|
r-devel-linux-x86_64-debian-clang | 1.0.4 | 2.27 | 19.54 | 21.81 | NOTE | |
r-devel-linux-x86_64-debian-gcc | 1.0.4 | 1.79 | 14.83 | 16.62 | NOTE | |
r-devel-linux-x86_64-fedora-clang | 1.0.4 | 30.23 | NOTE | |||
r-devel-linux-x86_64-fedora-gcc | 1.0.4 | 39.27 | NOTE | |||
r-devel-windows-x86_64 | 1.0.4 | 155.00 | 55.00 | 210.00 | NOTE | |
r-patched-linux-x86_64 | 1.0.4 | 2.54 | 19.21 | 21.75 | OK | |
r-release-linux-x86_64 | 1.0.4 | 2.41 | 19.67 | 22.08 | OK | |
r-release-macos-arm64 | 1.0.4 | 18.00 | NOTE | |||
r-release-macos-x86_64 | 1.0.4 | 25.00 | NOTE | |||
r-release-windows-x86_64 | 1.0.4 | 222.00 | 63.00 | 285.00 | OK | |
r-oldrel-macos-arm64 | 1.0.4 | 14.00 | NOTE | |||
r-oldrel-macos-x86_64 | 1.0.4 | 20.00 | NOTE | |||
r-oldrel-windows-ix86+x86_64 | 1.0.4 | 7.00 | 44.00 | 51.00 | OK |
Version: 1.0.4
Check: package subdirectories
Result: NOTE
Problems with news in ‘NEWS.md’:
No news entries found.
Flavors: r-devel-linux-x86_64-debian-clang, r-devel-linux-x86_64-debian-gcc, r-devel-linux-x86_64-fedora-clang, r-devel-linux-x86_64-fedora-gcc, r-devel-windows-x86_64
Version: 1.0.4
Check: data for non-ASCII characters
Result: NOTE
Note: found 46 marked UTF-8 strings
Flavors: r-devel-linux-x86_64-fedora-clang, r-devel-linux-x86_64-fedora-gcc, r-release-macos-arm64, r-release-macos-x86_64, r-oldrel-macos-arm64, r-oldrel-macos-x86_64