CRAN Package Check Results for Package BoomSpikeSlab

Last updated on 2022-10-04 04:50:25 CEST.

Flavor Version Tinstall Tcheck Ttotal Status Flags
r-devel-linux-x86_64-debian-clang 1.2.5 47.48 125.92 173.40 OK
r-devel-linux-x86_64-debian-gcc 1.2.5 41.93 87.41 129.34 OK
r-devel-linux-x86_64-fedora-clang 1.2.5 230.46 NOTE
r-devel-linux-x86_64-fedora-gcc 1.2.5 227.52 OK
r-devel-windows-x86_64 1.2.5 144.00 246.00 390.00 OK
r-patched-linux-x86_64 1.2.5 55.19 117.87 173.06 OK
r-release-linux-x86_64 1.2.5 47.59 119.21 166.80 OK
r-release-macos-arm64 1.2.5 88.00 NOTE
r-release-macos-x86_64 1.2.5 96.00 NOTE
r-release-windows-x86_64 1.2.5 113.00 240.00 353.00 OK
r-oldrel-macos-arm64 1.2.5 99.00 NOTE
r-oldrel-macos-x86_64 1.2.5 100.00 NOTE
r-oldrel-windows-ix86+x86_64 1.2.5 119.00 305.00 424.00 NOTE

Additional issues

clang-ASAN

Check Details

Version: 1.2.5
Check: installed package size
Result: NOTE
     installed size is 6.3Mb
     sub-directories of 1Mb or more:
     libs 5.7Mb
Flavors: r-devel-linux-x86_64-fedora-clang, r-release-macos-arm64, r-release-macos-x86_64, r-oldrel-macos-arm64, r-oldrel-macos-x86_64, r-oldrel-windows-ix86+x86_64