Last updated on 2022-08-17 04:50:37 CEST.
Flavor | Version | Tinstall | Tcheck | Ttotal | Status | Flags |
---|---|---|---|---|---|---|
r-devel-linux-x86_64-debian-clang | 1.0-6 | 7.26 | 101.66 | 108.92 | OK | |
r-devel-linux-x86_64-debian-gcc | 1.0-6 | OK | ||||
r-devel-linux-x86_64-fedora-clang | 1.0-6 | 140.37 | OK | |||
r-devel-linux-x86_64-fedora-gcc | 1.0-6 | 143.94 | OK | |||
r-devel-windows-x86_64 | 1.0-6 | 28.00 | 147.00 | 175.00 | OK | |
r-patched-linux-x86_64 | 1.0-6 | 7.15 | 97.77 | 104.92 | OK | |
r-release-linux-x86_64 | 1.0-6 | 4.17 | 96.32 | 100.49 | OK | |
r-release-macos-arm64 | 1.0-6 | 45.00 | OK | |||
r-release-macos-x86_64 | 1.0-6 | 106.00 | OK | |||
r-release-windows-x86_64 | 1.0-6 | 28.00 | 148.00 | 176.00 | OK | |
r-oldrel-macos-arm64 | 1.0-6 | 45.00 | OK | |||
r-oldrel-macos-x86_64 | 1.0-6 | 62.00 | OK | |||
r-oldrel-windows-ix86+x86_64 | 1.0-6 | 16.00 | 94.00 | 110.00 | WARN |
Version: 1.0-6
Check: re-building of vignette outputs
Result: WARN
Error(s) in re-building vignettes:
--- re-building 'simstudy_survival.Rnw' using Sweave
Loading required package: mice
Attaching package: 'mice'
The following object is masked from 'package:stats':
filter
The following objects are masked from 'package:base':
cbind, rbind
Error: processing vignette 'simstudy_survival.Rnw' failed with diagnostics:
chunk 7
Error in loadNamespace(x) : there is no package called 'ranger'
--- failed re-building 'simstudy_survival.Rnw'
SUMMARY: processing the following file failed:
'simstudy_survival.Rnw'
Error: Vignette re-building failed.
Execution halted
Flavor: r-oldrel-windows-ix86+x86_64