Last updated on 2023-03-21 03:54:17 CET.
Flavor | Version | Tinstall | Tcheck | Ttotal | Status | Flags |
---|---|---|---|---|---|---|
r-devel-linux-x86_64-debian-clang | 3.0 | OK | ||||
r-devel-linux-x86_64-debian-gcc | 3.0 | 2.54 | 26.45 | 28.99 | OK | |
r-devel-linux-x86_64-fedora-clang | 3.0 | 46.21 | NOTE | |||
r-devel-linux-x86_64-fedora-gcc | 3.0 | 45.54 | NOTE | |||
r-devel-windows-x86_64 | 3.0 | 9.00 | 62.00 | 71.00 | OK | |
r-patched-linux-x86_64 | 3.0 | 3.31 | 32.07 | 35.38 | OK | |
r-release-linux-x86_64 | 3.0 | 2.92 | 31.89 | 34.81 | OK | |
r-release-macos-arm64 | 3.0 | 20.00 | NOTE | |||
r-release-macos-x86_64 | 3.0 | 26.00 | NOTE | |||
r-release-windows-x86_64 | 3.0 | 17.00 | 62.00 | 79.00 | OK | |
r-oldrel-macos-arm64 | 3.0 | 21.00 | NOTE | |||
r-oldrel-macos-x86_64 | 3.0 | 25.00 | NOTE | |||
r-oldrel-windows-ix86+x86_64 | 3.0 | 4.00 | 42.00 | 46.00 | ERROR |
Version: 3.0
Check: data for non-ASCII characters
Result: NOTE
Note: found 1 marked UTF-8 string
Flavors: r-devel-linux-x86_64-fedora-clang, r-devel-linux-x86_64-fedora-gcc, r-release-macos-arm64, r-release-macos-x86_64, r-oldrel-macos-arm64, r-oldrel-macos-x86_64
Version: 3.0
Check: whether package can be installed
Result: ERROR
Installation failed.
Flavor: r-oldrel-windows-ix86+x86_64