Last updated on 2022-08-07 04:50:39 CEST.
Flavor | Version | Tinstall | Tcheck | Ttotal | Status | Flags |
---|---|---|---|---|---|---|
r-devel-linux-x86_64-debian-clang | 1.3.4 | 45.57 | 99.43 | 145.00 | OK | |
r-devel-linux-x86_64-debian-gcc | 1.3.4 | 36.68 | 74.12 | 110.80 | OK | |
r-devel-linux-x86_64-fedora-clang | 1.3.4 | 197.55 | NOTE | |||
r-devel-linux-x86_64-fedora-gcc | 1.3.4 | 183.62 | OK | |||
r-devel-windows-x86_64 | 1.3.4 | 52.00 | 461.00 | 513.00 | OK | |
r-patched-linux-x86_64 | 1.3.4 | 26.35 | 93.77 | 120.12 | OK | |
r-release-linux-x86_64 | 1.3.4 | 28.33 | 93.86 | 122.19 | OK | |
r-release-macos-arm64 | 1.3.4 | 58.00 | NOTE | |||
r-release-macos-x86_64 | 1.3.4 | 88.00 | NOTE | |||
r-release-windows-x86_64 | 1.3.4 | 48.00 | 249.00 | 297.00 | OK | |
r-oldrel-macos-arm64 | 1.3.4 | 77.00 | NOTE | |||
r-oldrel-macos-x86_64 | 1.3.4 | 115.00 | NOTE | |||
r-oldrel-windows-ix86+x86_64 | 1.3.4 | 107.00 | 205.00 | 312.00 | NOTE |
Version: 1.3.4
Check: installed package size
Result: NOTE
installed size is 5.5Mb
sub-directories of 1Mb or more:
data 1.6Mb
extdata 1.1Mb
libs 2.2Mb
Flavors: r-devel-linux-x86_64-fedora-clang, r-release-macos-arm64, r-release-macos-x86_64, r-oldrel-macos-arm64, r-oldrel-macos-x86_64, r-oldrel-windows-ix86+x86_64