Last updated on 2023-01-31 04:06:14 CET.
Flavor | Version | Tinstall | Tcheck | Ttotal | Status | Flags |
---|---|---|---|---|---|---|
r-devel-linux-x86_64-debian-clang | 0.1.0 | 1.84 | 25.34 | 27.18 | OK | |
r-devel-linux-x86_64-debian-gcc | 0.1.0 | 1.74 | 19.86 | 21.60 | OK | |
r-devel-linux-x86_64-fedora-clang | 0.1.0 | 35.41 | NOTE | |||
r-devel-linux-x86_64-fedora-gcc | 0.1.0 | 34.62 | NOTE | |||
r-devel-windows-x86_64 | 0.1.0 | 18.00 | 57.00 | 75.00 | OK | |
r-patched-linux-x86_64 | 0.1.0 | 1.60 | 25.75 | 27.35 | OK | |
r-release-linux-x86_64 | 0.1.0 | 1.85 | 26.13 | 27.98 | OK | |
r-release-macos-arm64 | 0.1.0 | 15.00 | NOTE | |||
r-release-macos-x86_64 | 0.1.0 | 29.00 | NOTE | |||
r-release-windows-x86_64 | 0.1.0 | 21.00 | 56.00 | 77.00 | OK | |
r-oldrel-macos-arm64 | 0.1.0 | 19.00 | NOTE | |||
r-oldrel-macos-x86_64 | 0.1.0 | 28.00 | NOTE | |||
r-oldrel-windows-ix86+x86_64 | 0.1.0 | 6.00 | 48.00 | 54.00 | OK |
Version: 0.1.0
Check: dependencies in R code
Result: NOTE
Namespace in Imports field not imported from: ‘magrittr’
All declared Imports should be used.
Flavors: r-devel-linux-x86_64-fedora-clang, r-devel-linux-x86_64-fedora-gcc, r-release-macos-arm64, r-release-macos-x86_64, r-oldrel-macos-arm64, r-oldrel-macos-x86_64