Last updated on 2023-12-02 03:57:35 CET.
Flavor | Version | Tinstall | Tcheck | Ttotal | Status | Flags |
---|---|---|---|---|---|---|
r-devel-linux-x86_64-debian-clang | 1.0.1 | 12.07 | 91.70 | 103.77 | NOTE | |
r-devel-linux-x86_64-debian-gcc | 1.0.1 | 9.19 | 68.88 | 78.07 | NOTE | |
r-devel-linux-x86_64-fedora-clang | 1.0.1 | 134.15 | NOTE | |||
r-devel-linux-x86_64-fedora-gcc | 1.0.1 | 128.49 | NOTE | |||
r-devel-windows-x86_64 | 1.0.1 | 10.00 | 87.00 | 97.00 | NOTE | |
r-patched-linux-x86_64 | 1.0.1 | 8.21 | 87.14 | 95.35 | OK | |
r-release-linux-x86_64 | 1.0.1 | 9.54 | 88.07 | 97.61 | OK | |
r-release-macos-arm64 | 1.0.1 | 36.00 | OK | |||
r-release-macos-x86_64 | 1.0.1 | 83.00 | OK | |||
r-release-windows-x86_64 | 1.0.1 | 15.00 | 104.00 | 119.00 | OK | |
r-oldrel-macos-arm64 | 1.0.1 | 39.00 | OK | |||
r-oldrel-macos-x86_64 | 1.0.1 | 59.00 | OK | |||
r-oldrel-windows-x86_64 | 1.0.1 | 16.00 | 102.00 | 118.00 | OK |
Version: 1.0.1
Check: Rd \usage sections
Result: NOTE
Documented arguments not in \usage in Rd file 'SearchEmptyClusters.Rd':
‘oldcluster’ ‘SSminvec’
Functions with \usage entries need to have the appropriate \alias
entries, and all their arguments documented.
The \usage entries must correspond to syntactically valid R code.
See chapter ‘Writing R documentation files’ in the ‘Writing R
Extensions’ manual.
Flavors: r-devel-linux-x86_64-debian-clang, r-devel-linux-x86_64-debian-gcc, r-devel-linux-x86_64-fedora-clang, r-devel-linux-x86_64-fedora-gcc, r-devel-windows-x86_64