CRAN Package Check Results for Package CIFsmry

Last updated on 2022-11-30 03:58:20 CET.

Flavor Version Tinstall Tcheck Ttotal Status Flags
r-devel-linux-x86_64-debian-clang 1.0.1.1 6.35 23.09 29.44 WARN
r-devel-linux-x86_64-debian-gcc 1.0.1.1 5.17 18.22 23.39 OK
r-devel-linux-x86_64-fedora-clang 1.0.1.1 53.26 WARN
r-devel-linux-x86_64-fedora-gcc 1.0.1.1 46.85 NOTE
r-devel-windows-x86_64 1.0.1.1 23.00 64.00 87.00 OK
r-patched-linux-x86_64 1.0.1.1 5.56 22.09 27.65 OK
r-release-linux-x86_64 1.0.1.1 5.24 22.78 28.02 OK
r-release-macos-arm64 1.0.1.1 18.00 OK
r-release-macos-x86_64 1.0.1.1 24.00 OK
r-release-windows-x86_64 1.0.1.1 11.00 61.00 72.00 OK
r-oldrel-macos-arm64 1.0.1.1 25.00 OK
r-oldrel-macos-x86_64 1.0.1.1 31.00 OK
r-oldrel-windows-ix86+x86_64 1.0.1.1 16.00 48.00 64.00 OK

Check Details

Version: 1.0.1.1
Check: whether package can be installed
Result: WARN
    Found the following significant warnings:
     newplt.cc:186:9: warning: use of bitwise '&' with boolean operands [-Wbitwise-instead-of-logical]
     newplt.cc:188:9: warning: use of bitwise '&' with boolean operands [-Wbitwise-instead-of-logical]
Flavors: r-devel-linux-x86_64-debian-clang, r-devel-linux-x86_64-fedora-clang

Version: 1.0.1.1
Check: compiled code
Result: NOTE
    File ‘CIFsmry/libs/CIFsmry.so’:
     Found no calls to: ‘R_registerRoutines’, ‘R_useDynamicSymbols’
    
    It is good practice to register native routines and to disable symbol
    search.
    
    See ‘Writing portable packages’ in the ‘Writing R Extensions’ manual.
Flavors: r-devel-linux-x86_64-fedora-clang, r-devel-linux-x86_64-fedora-gcc