Last updated on 2023-01-30 04:52:17 CET.
Flavor | Version | Tinstall | Tcheck | Ttotal | Status | Flags |
---|---|---|---|---|---|---|
r-devel-linux-x86_64-debian-clang | 0.9.0 | 144.93 | 641.55 | 786.48 | OK | |
r-devel-linux-x86_64-debian-gcc | 0.9.0 | 118.19 | 493.21 | 611.40 | NOTE | |
r-devel-linux-x86_64-fedora-clang | 0.9.0 | 803.10 | OK | |||
r-devel-linux-x86_64-fedora-gcc | 0.9.0 | 690.12 | NOTE | |||
r-devel-windows-x86_64 | 0.9.0 | 387.00 | 450.00 | 837.00 | NOTE | |
r-patched-linux-x86_64 | 0.9.0 | 129.51 | 495.96 | 625.47 | OK | |
r-release-linux-x86_64 | 0.9.0 | 126.95 | 501.82 | 628.77 | OK | |
r-release-macos-arm64 | 0.9.0 | 149.00 | NOTE | |||
r-release-macos-x86_64 | 0.9.0 | 259.00 | NOTE | |||
r-release-windows-x86_64 | 0.9.0 | 261.00 | 449.00 | 710.00 | OK | |
r-oldrel-macos-arm64 | 0.9.0 | 137.00 | NOTE | |||
r-oldrel-macos-x86_64 | 0.9.0 | 272.00 | NOTE | |||
r-oldrel-windows-ix86+x86_64 | 0.9.0 | 347.00 | 660.00 | 1007.00 | OK |
Version: 0.9.0
Check: C++ specification
Result: NOTE
Specified C++11: please update to current default of C++17
Flavors: r-devel-linux-x86_64-debian-gcc, r-devel-linux-x86_64-fedora-gcc, r-devel-windows-x86_64
Version: 0.9.0
Check: installed package size
Result: NOTE
installed size is 11.9Mb
sub-directories of 1Mb or more:
libs 10.6Mb
Flavors: r-release-macos-arm64, r-release-macos-x86_64, r-oldrel-macos-arm64, r-oldrel-macos-x86_64