CRAN Package Check Results for Package CNVScope

Last updated on 2022-08-14 04:50:10 CEST.

Flavor Version Tinstall Tcheck Ttotal Status Flags
r-devel-linux-x86_64-debian-clang 3.7.2 72.69 660.67 733.36 OK
r-devel-linux-x86_64-debian-gcc 3.7.2 63.84 497.07 560.91 OK
r-devel-linux-x86_64-fedora-clang 3.7.2 968.77 NOTE
r-devel-linux-x86_64-fedora-gcc 3.7.2 985.96 NOTE
r-devel-windows-x86_64 3.7.2 129.00 690.00 819.00 NOTE
r-patched-linux-x86_64 3.7.2 52.43 633.31 685.74 OK
r-release-linux-x86_64 3.7.2 74.28 638.76 713.04 OK
r-release-macos-arm64 3.7.2 6.00 ERROR
r-release-macos-x86_64 3.7.2 398.00 NOTE
r-release-windows-x86_64 3.7.2 110.00 682.00 792.00 NOTE
r-oldrel-macos-arm64 3.7.2 254.00 NOTE
r-oldrel-macos-x86_64 3.7.2 317.00 NOTE
r-oldrel-windows-ix86+x86_64 3.7.2 150.00 721.00 871.00 NOTE

Check Details

Version: 3.7.2
Check: installed package size
Result: NOTE
     installed size is 5.3Mb
     sub-directories of 1Mb or more:
     doc 3.2Mb
     extdata 1.7Mb
Flavors: r-devel-linux-x86_64-fedora-clang, r-devel-windows-x86_64, r-release-macos-x86_64, r-release-windows-x86_64, r-oldrel-macos-arm64, r-oldrel-macos-x86_64, r-oldrel-windows-ix86+x86_64

Version: 3.7.2
Check: dependencies in R code
Result: NOTE
    Namespace in Imports field not imported from: 'Hmisc'
     All declared Imports should be used.
Flavors: r-devel-linux-x86_64-fedora-clang, r-devel-linux-x86_64-fedora-gcc, r-release-macos-x86_64, r-oldrel-macos-arm64, r-oldrel-macos-x86_64

Version: 3.7.2
Check: package dependencies
Result: ERROR
    Package required but not available: ‘GenomicInteractions’
    
    Package suggested but not available for checking: ‘BSgenome.Hsapiens.UCSC.hg19’
    
    See section ‘The DESCRIPTION file’ in the ‘Writing R Extensions’
    manual.
Flavor: r-release-macos-arm64

Version: 3.7.2
Check: package dependencies
Result: NOTE
    Package suggested but not available for checking: ‘BSgenome.Hsapiens.UCSC.hg19’
Flavor: r-release-macos-x86_64