CRAN Package Check Results for Package CPAT

Last updated on 2023-09-25 05:01:22 CEST.

Flavor Version Tinstall Tcheck Ttotal Status Flags
r-devel-linux-x86_64-debian-clang 0.1.0 43.22 93.98 137.20 OK
r-devel-linux-x86_64-debian-gcc 0.1.0 30.87 62.81 93.68 OK
r-devel-linux-x86_64-fedora-clang 0.1.0 185.03 NOTE
r-devel-linux-x86_64-fedora-gcc 0.1.0 161.69 NOTE
r-devel-windows-x86_64 0.1.0 33.00 123.00 156.00 OK
r-patched-linux-x86_64 0.1.0 39.29 84.27 123.56 OK
r-release-linux-x86_64 0.1.0 47.09 79.93 127.02 OK
r-release-macos-arm64 0.1.0 60.00 OK
r-release-macos-x86_64 0.1.0 90.00 OK
r-release-windows-x86_64 0.1.0 45.00 133.00 178.00 OK
r-oldrel-macos-arm64 0.1.0 49.00 NOTE
r-oldrel-macos-x86_64 0.1.0 79.00 NOTE
r-oldrel-windows-x86_64 0.1.0 41.00 123.00 164.00 OK

Check Details

Version: 0.1.0
Check: dependencies in R code
Result: NOTE
    Namespaces in Imports field not imported from:
     ‘Rdpack’ ‘grDevices’
     All declared Imports should be used.
Flavors: r-devel-linux-x86_64-fedora-clang, r-devel-linux-x86_64-fedora-gcc, r-oldrel-macos-arm64, r-oldrel-macos-x86_64