CRAN Package Check Results for Package CPP

Last updated on 2022-09-30 04:59:06 CEST.

Flavor Version Tinstall Tcheck Ttotal Status Flags
r-devel-linux-x86_64-debian-clang 0.1.0 9.15 82.27 91.42 NOTE
r-devel-linux-x86_64-debian-gcc 0.1.0 6.04 61.26 67.30 NOTE
r-devel-linux-x86_64-fedora-clang 0.1.0 122.83 NOTE
r-devel-linux-x86_64-fedora-gcc 0.1.0 118.06 NOTE
r-devel-windows-x86_64 0.1.0 14.00 108.00 122.00 NOTE
r-patched-linux-x86_64 0.1.0 7.63 79.85 87.48 NOTE
r-release-linux-x86_64 0.1.0 6.96 77.55 84.51 NOTE
r-release-macos-arm64 0.1.0 28.00 NOTE
r-release-macos-x86_64 0.1.0 43.00 NOTE
r-release-windows-x86_64 0.1.0 19.00 103.00 122.00 NOTE
r-oldrel-macos-arm64 0.1.0 37.00 NOTE
r-oldrel-macos-x86_64 0.1.0 62.00 NOTE
r-oldrel-windows-ix86+x86_64 0.1.0 15.00 117.00 132.00 NOTE

Check Details

Version: 0.1.0
Check: LazyData
Result: NOTE
     'LazyData' is specified without a 'data' directory
Flavors: r-devel-linux-x86_64-debian-clang, r-devel-linux-x86_64-debian-gcc, r-devel-linux-x86_64-fedora-clang, r-devel-linux-x86_64-fedora-gcc, r-devel-windows-x86_64, r-patched-linux-x86_64, r-release-linux-x86_64, r-release-macos-arm64, r-release-macos-x86_64, r-release-windows-x86_64, r-oldrel-macos-arm64, r-oldrel-macos-x86_64, r-oldrel-windows-ix86+x86_64