CRAN Package Check Results for Package CSTE

Last updated on 2024-02-24 03:52:31 CET.

Flavor Version Tinstall Tcheck Ttotal Status Flags
r-devel-linux-x86_64-debian-clang 2.0.0 29.54 85.42 114.96 NOTE
r-devel-linux-x86_64-debian-gcc 2.0.0 20.52 66.22 86.74 NOTE
r-devel-linux-x86_64-fedora-clang 2.0.0 147.00 NOTE
r-devel-linux-x86_64-fedora-gcc 2.0.0 143.42 NOTE
r-devel-windows-x86_64 2.0.0 24.00 94.00 118.00 NOTE
r-patched-linux-x86_64 2.0.0 18.74 85.41 104.15 OK
r-release-linux-x86_64 2.0.0 19.87 83.00 102.87 OK
r-release-macos-arm64 2.0.0 47.00 OK
r-release-macos-x86_64 2.0.0 74.00 OK
r-release-windows-x86_64 2.0.0 32.00 113.00 145.00 OK
r-oldrel-macos-arm64 2.0.0 45.00 OK
r-oldrel-windows-x86_64 2.0.0 30.00 113.00 143.00 OK

Check Details

Version: 2.0.0
Check: Rd \usage sections
Result: NOTE Documented arguments not in \usage in Rd file 'tool.Rd': ‘seq’ Functions with \usage entries need to have the appropriate \alias entries, and all their arguments documented. The \usage entries must correspond to syntactically valid R code. See chapter ‘Writing R documentation files’ in the ‘Writing R Extensions’ manual. Flavors: r-devel-linux-x86_64-debian-clang, r-devel-linux-x86_64-debian-gcc, r-devel-linux-x86_64-fedora-clang, r-devel-linux-x86_64-fedora-gcc, r-devel-windows-x86_64