CRAN Package Check Results for Package CVD

Last updated on 2022-11-30 03:58:21 CET.

Flavor Version Tinstall Tcheck Ttotal Status Flags
r-devel-linux-x86_64-debian-clang 1.0.2 6.03 37.44 43.47 NOTE
r-devel-linux-x86_64-debian-gcc 1.0.2 4.25 29.07 33.32 NOTE
r-devel-linux-x86_64-fedora-clang 1.0.2 67.87 NOTE
r-devel-linux-x86_64-fedora-gcc 1.0.2 66.62 NOTE
r-devel-windows-x86_64 1.0.2 61.00 83.00 144.00 OK
r-patched-linux-x86_64 1.0.2 5.55 36.37 41.92 NOTE
r-release-linux-x86_64 1.0.2 4.05 35.88 39.93 NOTE
r-release-macos-arm64 1.0.2 19.00 NOTE
r-release-macos-x86_64 1.0.2 26.00 NOTE
r-release-windows-x86_64 1.0.2 25.00 62.00 87.00 OK
r-oldrel-macos-arm64 1.0.2 24.00 NOTE
r-oldrel-macos-x86_64 1.0.2 35.00 OK
r-oldrel-windows-ix86+x86_64 1.0.2 10.00 51.00 61.00 OK

Check Details

Version: 1.0.2
Check: package dependencies
Result: NOTE
    Package which this enhances but not available for checking: 'RGtk2'
Flavors: r-devel-linux-x86_64-debian-clang, r-devel-linux-x86_64-debian-gcc, r-devel-linux-x86_64-fedora-clang, r-devel-linux-x86_64-fedora-gcc, r-patched-linux-x86_64, r-release-linux-x86_64, r-release-macos-arm64, r-release-macos-x86_64, r-oldrel-macos-arm64