Last updated on 2023-01-31 04:06:14 CET.
Flavor | Version | Tinstall | Tcheck | Ttotal | Status | Flags |
---|---|---|---|---|---|---|
r-devel-linux-x86_64-debian-clang | 3.5 | 49.30 | 396.59 | 445.89 | OK | |
r-devel-linux-x86_64-debian-gcc | 3.6 | 37.68 | 285.02 | 322.70 | OK | |
r-devel-linux-x86_64-fedora-clang | 3.6 | 541.27 | NOTE | |||
r-devel-linux-x86_64-fedora-gcc | 3.6 | 554.25 | NOTE | |||
r-devel-windows-x86_64 | 3.6 | 49.00 | 387.00 | 436.00 | OK | |
r-patched-linux-x86_64 | 3.6 | 64.35 | 457.94 | 522.29 | OK | |
r-release-linux-x86_64 | 3.6 | 64.38 | 453.92 | 518.30 | OK | |
r-release-macos-arm64 | 3.6 | 263.00 | OK | |||
r-release-macos-x86_64 | 3.6 | 517.00 | OK | |||
r-release-windows-x86_64 | 3.6 | 55.00 | 392.00 | 447.00 | OK | |
r-oldrel-macos-arm64 | 3.6 | 162.00 | OK | |||
r-oldrel-macos-x86_64 | 3.6 | 262.00 | OK | |||
r-oldrel-windows-ix86+x86_64 | 3.6 | 79.00 | 347.00 | 426.00 | OK |
Version: 3.6
Check: dependencies in R code
Result: NOTE
Namespace in Imports field not imported from: ‘Rcpp’
All declared Imports should be used.
Flavors: r-devel-linux-x86_64-fedora-clang, r-devel-linux-x86_64-fedora-gcc