Last updated on 2023-01-27 03:53:42 CET.
Flavor | Version | Tinstall | Tcheck | Ttotal | Status | Flags |
---|---|---|---|---|---|---|
r-devel-linux-x86_64-debian-clang | 1.3.0 | 3.36 | 57.67 | 61.03 | NOTE | |
r-devel-linux-x86_64-debian-gcc | 1.3.0 | 2.64 | 40.74 | 43.38 | NOTE | |
r-devel-linux-x86_64-fedora-clang | 1.3.0 | 76.28 | NOTE | |||
r-devel-linux-x86_64-fedora-gcc | 1.3.0 | 70.87 | NOTE | |||
r-devel-windows-x86_64 | 1.3.0 | 16.00 | 85.00 | 101.00 | NOTE | |
r-patched-linux-x86_64 | 1.3.0 | 3.76 | 53.34 | 57.10 | OK | |
r-release-linux-x86_64 | 1.3.0 | 3.39 | 54.64 | 58.03 | OK | |
r-release-macos-arm64 | 1.3.0 | 63.00 | OK | |||
r-release-macos-x86_64 | 1.3.0 | 40.00 | OK | |||
r-release-windows-x86_64 | 1.3.0 | 14.00 | 90.00 | 104.00 | OK | |
r-oldrel-macos-arm64 | 1.3.0 | 63.00 | OK | |||
r-oldrel-macos-x86_64 | 1.3.0 | 38.00 | OK | |||
r-oldrel-windows-ix86+x86_64 | 1.3.0 | 7.00 | 87.00 | 94.00 | OK |
Version: 1.3.0
Check: package subdirectories
Result: NOTE
Problems with news in ‘NEWS.md’:
No news entries found.
Flavors: r-devel-linux-x86_64-debian-clang, r-devel-linux-x86_64-debian-gcc, r-devel-linux-x86_64-fedora-clang, r-devel-linux-x86_64-fedora-gcc, r-devel-windows-x86_64