Last updated on 2023-01-30 04:52:17 CET.
Flavor | Version | Tinstall | Tcheck | Ttotal | Status | Flags |
---|---|---|---|---|---|---|
r-devel-linux-x86_64-debian-clang | 4.3.4 | 56.16 | 67.79 | 123.95 | OK | |
r-devel-linux-x86_64-debian-gcc | 4.3.4 | 43.29 | 49.99 | 93.28 | NOTE | |
r-devel-linux-x86_64-fedora-clang | 4.3.4 | 197.15 | OK | |||
r-devel-linux-x86_64-fedora-gcc | 4.3.4 | 162.38 | NOTE | |||
r-devel-windows-x86_64 | 4.3.4 | 127.00 | 122.00 | 249.00 | NOTE | |
r-patched-linux-x86_64 | 4.3.4 | 47.41 | 63.66 | 111.07 | OK | |
r-release-linux-x86_64 | 4.3.4 | 43.98 | 62.40 | 106.38 | OK | |
r-release-macos-arm64 | 4.3.4 | 48.00 | OK | |||
r-release-macos-x86_64 | 4.3.4 | 64.00 | OK | |||
r-release-windows-x86_64 | 4.3.4 | 69.00 | 131.00 | 200.00 | OK | |
r-oldrel-macos-arm64 | 4.3.4 | 40.00 | OK | |||
r-oldrel-macos-x86_64 | 4.3.4 | 63.00 | OK | |||
r-oldrel-windows-ix86+x86_64 | 4.3.4 | 136.00 | 147.00 | 283.00 | OK |
Version: 4.3.4
Check: C++ specification
Result: NOTE
Specified C++11: please update to current default of C++17
Flavors: r-devel-linux-x86_64-debian-gcc, r-devel-linux-x86_64-fedora-gcc, r-devel-windows-x86_64