CRAN Package Check Results for Package ClusterR

Last updated on 2022-09-30 04:59:06 CEST.

Flavor Version Tinstall Tcheck Ttotal Status Flags
r-devel-linux-x86_64-debian-clang 1.2.7 75.79 224.15 299.94 OK
r-devel-linux-x86_64-debian-gcc 1.2.7 64.38 164.15 228.53 OK
r-devel-linux-x86_64-fedora-clang 1.2.7 384.36 OK
r-devel-linux-x86_64-fedora-gcc 1.2.7 389.58 OK
r-devel-windows-x86_64 1.2.7 81.00 304.00 385.00 OK
r-patched-linux-x86_64 1.2.7 61.54 206.05 267.59 OK
r-release-linux-x86_64 1.2.7 67.68 210.89 278.57 OK
r-release-macos-arm64 1.2.7 109.00 NOTE
r-release-macos-x86_64 1.2.7 141.00 NOTE
r-release-windows-x86_64 1.2.7 73.00 295.00 368.00 OK
r-oldrel-macos-arm64 1.2.7 103.00 NOTE
r-oldrel-macos-x86_64 1.2.7 142.00 NOTE
r-oldrel-windows-ix86+x86_64 1.2.7 163.00 309.00 472.00 OK

Check Details

Version: 1.2.7
Check: installed package size
Result: NOTE
     installed size is 8.7Mb
     sub-directories of 1Mb or more:
     libs 7.5Mb
Flavors: r-release-macos-arm64, r-release-macos-x86_64, r-oldrel-macos-arm64, r-oldrel-macos-x86_64