CRAN Package Check Results for Package Copula.Markov.survival

Last updated on 2022-08-13 04:57:45 CEST.

Flavor Version Tinstall Tcheck Ttotal Status Flags
r-devel-linux-x86_64-debian-clang 1.0.0 10.85 76.86 87.71 NOTE
r-devel-linux-x86_64-debian-gcc 1.0.0 9.73 58.36 68.09 NOTE
r-devel-linux-x86_64-fedora-clang 1.0.0 116.93 NOTE
r-devel-linux-x86_64-fedora-gcc 1.0.0 118.22 NOTE
r-devel-windows-x86_64 1.0.0 66.00 96.00 162.00 NOTE
r-patched-linux-x86_64 1.0.0 10.10 73.83 83.93 NOTE
r-release-linux-x86_64 1.0.0 9.69 74.17 83.86 NOTE
r-release-macos-arm64 1.0.0 30.00 NOTE
r-release-macos-x86_64 1.0.0 44.00 NOTE
r-release-windows-x86_64 1.0.0 62.00 96.00 158.00 NOTE
r-oldrel-macos-arm64 1.0.0 43.00 NOTE
r-oldrel-macos-x86_64 1.0.0 60.00 NOTE
r-oldrel-windows-ix86+x86_64 1.0.0 23.00 92.00 115.00 NOTE

Check Details

Version: 1.0.0
Check: LazyData
Result: NOTE
     'LazyData' is specified without a 'data' directory
Flavors: r-devel-linux-x86_64-debian-clang, r-devel-linux-x86_64-debian-gcc, r-devel-linux-x86_64-fedora-clang, r-devel-linux-x86_64-fedora-gcc, r-devel-windows-x86_64, r-patched-linux-x86_64, r-release-linux-x86_64, r-release-macos-arm64, r-release-macos-x86_64, r-release-windows-x86_64, r-oldrel-macos-arm64, r-oldrel-macos-x86_64, r-oldrel-windows-ix86+x86_64