CRAN Package Check Results for Package CorBin

Last updated on 2023-02-01 03:54:10 CET.

Flavor Version Tinstall Tcheck Ttotal Status Flags
r-devel-linux-x86_64-debian-clang 1.0.0 2.69 22.73 25.42 NOTE
r-devel-linux-x86_64-debian-gcc 1.0.0 1.84 17.36 19.20 NOTE
r-devel-linux-x86_64-fedora-clang 1.0.0 32.26 NOTE
r-devel-linux-x86_64-fedora-gcc 1.0.0 30.15 NOTE
r-devel-windows-x86_64 1.0.0 14.00 47.00 61.00 NOTE
r-patched-linux-x86_64 1.0.0 2.25 22.41 24.66 NOTE
r-release-linux-x86_64 1.0.0 2.34 22.43 24.77 NOTE
r-release-macos-arm64 1.0.0 16.00 NOTE
r-release-macos-x86_64 1.0.0 21.00 NOTE
r-release-windows-x86_64 1.0.0 8.00 44.00 52.00 NOTE
r-oldrel-macos-arm64 1.0.0 21.00 NOTE
r-oldrel-macos-x86_64 1.0.0 27.00 NOTE
r-oldrel-windows-ix86+x86_64 1.0.0 6.00 33.00 39.00 NOTE

Check Details

Version: 1.0.0
Check: LazyData
Result: NOTE
     'LazyData' is specified without a 'data' directory
Flavors: r-devel-linux-x86_64-debian-clang, r-devel-linux-x86_64-debian-gcc, r-devel-linux-x86_64-fedora-clang, r-devel-linux-x86_64-fedora-gcc, r-devel-windows-x86_64, r-patched-linux-x86_64, r-release-linux-x86_64, r-release-macos-arm64, r-release-macos-x86_64, r-release-windows-x86_64, r-oldrel-macos-arm64, r-oldrel-macos-x86_64, r-oldrel-windows-ix86+x86_64