CRAN Package Check Results for Package D3GB

Last updated on 2022-08-18 04:56:22 CEST.

Flavor Version Tinstall Tcheck Ttotal Status Flags
r-devel-linux-x86_64-debian-clang 1.1 5.61 104.03 109.64 NOTE
r-devel-linux-x86_64-debian-gcc 1.1 4.95 78.23 83.18 NOTE
r-devel-linux-x86_64-fedora-clang 1.1 153.12 NOTE
r-devel-linux-x86_64-fedora-gcc 1.1 148.15 NOTE
r-devel-windows-x86_64 1.1 26.00 146.00 172.00 OK
r-patched-linux-x86_64 1.1 6.57 100.39 106.96 NOTE
r-release-linux-x86_64 1.1 5.33 101.49 106.82 NOTE
r-release-macos-arm64 1.1 57.00 OK
r-release-macos-x86_64 1.1 71.00 OK
r-release-windows-x86_64 1.1 18.00 145.00 163.00 OK
r-oldrel-macos-arm64 1.1 59.00 OK
r-oldrel-macos-x86_64 1.1 89.00 OK
r-oldrel-windows-ix86+x86_64 1.1 14.00 134.00 148.00 OK

Additional issues

donttest M1mac

Check Details

Version: 1.1
Check: for non-standard things in the check directory
Result: NOTE
    Found the following files/directories:
     'GRCh38_browser' 'GRCh38_map'
Flavors: r-devel-linux-x86_64-debian-clang, r-devel-linux-x86_64-debian-gcc, r-devel-linux-x86_64-fedora-clang, r-devel-linux-x86_64-fedora-gcc, r-patched-linux-x86_64, r-release-linux-x86_64