CRAN Package Check Results for Package DBI

Last updated on 2022-07-06 04:55:07 CEST.

Flavor Version Tinstall Tcheck Ttotal Status Flags
r-devel-linux-x86_64-debian-clang 1.1.3 7.46 90.77 98.23 OK
r-devel-linux-x86_64-debian-gcc 1.1.3 6.42 68.75 75.17 OK
r-devel-linux-x86_64-fedora-clang 1.1.3 132.34 NOTE
r-devel-linux-x86_64-fedora-gcc 1.1.3 135.64 OK
r-devel-windows-x86_64 1.1.3 90.00 345.00 435.00 OK
r-patched-linux-x86_64 1.1.3 10.00 90.44 100.44 OK
r-release-linux-x86_64 1.1.3 6.84 85.65 92.49 OK
r-release-macos-arm64 1.1.3 93.00 OK
r-release-macos-x86_64 1.1.3 149.00 OK
r-release-windows-x86_64 1.1.3 76.00 321.00 397.00 OK
r-oldrel-macos-arm64 1.1.3 92.00 OK
r-oldrel-macos-x86_64 1.1.3 160.00 OK
r-oldrel-windows-ix86+x86_64 1.1.3 27.00 113.00 140.00 OK

Check Details

Version: 1.1.3
Check: Rd cross-references
Result: NOTE
    Undeclared package ‘withr’ in Rd xrefs
Flavor: r-devel-linux-x86_64-fedora-clang