Last updated on 2022-07-02 04:56:00 CEST.
Flavor | Version | Tinstall | Tcheck | Ttotal | Status | Flags |
---|---|---|---|---|---|---|
r-devel-linux-x86_64-debian-clang | 1.7.2 | 23.38 | 68.16 | 91.54 | NOTE | |
r-devel-linux-x86_64-debian-gcc | 1.7.2 | 19.73 | 53.00 | 72.73 | NOTE | |
r-devel-linux-x86_64-fedora-clang | 1.7.2 | 126.98 | NOTE | |||
r-devel-linux-x86_64-fedora-gcc | 1.7.2 | 134.87 | NOTE | |||
r-devel-windows-x86_64 | 1.7.2 | 73.00 | 103.00 | 176.00 | NOTE | |
r-patched-linux-x86_64 | 1.7.2 | 24.78 | 67.70 | 92.48 | NOTE | |
r-release-linux-x86_64 | 1.7.2 | 14.86 | 67.05 | 81.91 | NOTE | |
r-release-macos-arm64 | 1.7.2 | 38.00 | NOTE | |||
r-release-macos-x86_64 | 1.7.2 | 74.00 | NOTE | |||
r-release-windows-x86_64 | 1.7.2 | 66.00 | 106.00 | 172.00 | NOTE | |
r-oldrel-macos-arm64 | 1.7.2 | 32.00 | NOTE | |||
r-oldrel-macos-x86_64 | 1.7.2 | 51.00 | NOTE | |||
r-oldrel-windows-ix86+x86_64 | 1.7.2 | 40.00 | 89.00 | 129.00 | NOTE |
Version: 1.7.2
Check: package dependencies
Result: NOTE
Package suggested but not available for checking: 'dblog'
Flavors: r-devel-linux-x86_64-debian-clang, r-devel-linux-x86_64-debian-gcc, r-devel-linux-x86_64-fedora-clang, r-devel-linux-x86_64-fedora-gcc, r-devel-windows-x86_64, r-patched-linux-x86_64, r-release-linux-x86_64, r-release-macos-arm64, r-release-macos-x86_64, r-release-windows-x86_64, r-oldrel-macos-arm64, r-oldrel-macos-x86_64, r-oldrel-windows-ix86+x86_64