CRAN Package Check Results for Package DDD

Last updated on 2022-08-12 04:53:21 CEST.

Flavor Version Tinstall Tcheck Ttotal Status Flags
r-devel-linux-x86_64-debian-clang 5.0 103.26 134.06 237.32 OK
r-devel-linux-x86_64-debian-gcc 5.0 79.04 100.66 179.70 OK
r-devel-linux-x86_64-fedora-clang 5.0 327.57 NOTE
r-devel-linux-x86_64-fedora-gcc 5.0 319.10 NOTE
r-devel-windows-x86_64 5.0 83.00 176.00 259.00 WARN
r-patched-linux-x86_64 5.0 88.82 131.42 220.24 OK
r-release-linux-x86_64 5.0 83.79 128.53 212.32 OK
r-release-macos-arm64 5.0 74.00 NOTE
r-release-macos-x86_64 5.0 126.00 NOTE
r-release-windows-x86_64 5.0 82.00 175.00 257.00 WARN
r-oldrel-macos-arm64 5.0 106.00 NOTE
r-oldrel-macos-x86_64 5.0 123.00 NOTE
r-oldrel-windows-ix86+x86_64 5.0 237.00 258.00 495.00 WARN

Check Details

Version: 5.0
Check: installed package size
Result: NOTE
     installed size is 6.1Mb
     sub-directories of 1Mb or more:
     libs 5.6Mb
Flavors: r-devel-linux-x86_64-fedora-clang, r-release-macos-arm64, r-release-macos-x86_64, r-oldrel-macos-arm64, r-oldrel-macos-x86_64

Version: 5.0
Check: dependencies in R code
Result: NOTE
    Namespace in Imports field not imported from: ‘Rcpp’
     All declared Imports should be used.
Flavors: r-devel-linux-x86_64-fedora-clang, r-devel-linux-x86_64-fedora-gcc, r-release-macos-arm64, r-release-macos-x86_64, r-oldrel-macos-arm64, r-oldrel-macos-x86_64

Version: 5.0
Check: whether package can be installed
Result: WARN
    Found the following significant warnings:
     D:/RCompile/CRANpkg/lib/4.3/BH/include/boost/multiprecision/traits/std_integer_traits.hpp:31:18: warning: ISO C++ does not support '__int128' for 'type name' [-Wpedantic]
     D:/RCompile/CRANpkg/lib/4.3/BH/include/boost/multiprecision/traits/std_integer_traits.hpp:33:27: warning: ISO C++ does not support '__int128' for 'type name' [-Wpedantic]
     D:/RCompile/CRANpkg/lib/4.3/BH/include/boost/multiprecision/traits/std_integer_traits.hpp:35:20: warning: ISO C++ does not support '__int128' for 'type name' [-Wpedantic]
     D:/RCompile/CRANpkg/lib/4.3/BH/include/boost/multiprecision/traits/std_integer_traits.hpp:37:29: warning: ISO C++ does not support '__int128' for 'type name' [-Wpedantic]
     D:/RCompile/CRANpkg/lib/4.3/BH/include/boost/multiprecision/traits/std_integer_traits.hpp:39:20: warning: ISO C++ does not support '__int128' for 'type name' [-Wpedantic]
     D:/RCompile/CRANpkg/lib/4.3/BH/include/boost/multiprecision/traits/std_integer_traits.hpp:41:29: warning: ISO C++ does not support '__int128' for 'type name' [-Wpedantic]
     D:/RCompile/CRANpkg/lib/4.3/BH/include/boost/multiprecision/traits/std_integer_traits.hpp:43:22: warning: ISO C++ does not support '__int128' for 'type name' [-Wpedantic]
     D:/RCompile/CRANpkg/lib/4.3/BH/include/boost/multiprecision/traits/std_integer_traits.hpp:45:31: warning: ISO C++ does not support '__int128' for 'type name' [-Wpedantic]
     D:/RCompile/CRANpkg/lib/4.3/BH/include/boost/multiprecision/traits/std_integer_traits.hpp:47:22: warning: ISO C++ does not support '__int128' for 'type name' [-Wpedantic]
     D:/RCompile/CRANpkg/lib/4.3/BH/include/boost/multiprecision/traits/std_integer_traits.hpp:49:26: warning: ISO C++ does not support '__int128' for 'type name' [-Wpedantic]
     D:/RCompile/CRANpkg/lib/4.3/BH/include/boost/multiprecision/traits/std_integer_traits.hpp:52:31: warning: ISO C++ does not support '__int128' for 'type name' [-Wpedantic]
     D:/RCompile/CRANpkg/lib/4.3/BH/include/boost/multiprecision/traits/std_integer_traits.hpp:54:26: warning: ISO C++ does not support '__int128' for 'type name' [-Wpedantic]
     D:/RCompile/CRANpkg/lib/4.3/BH/include/boost/multiprecision/traits/std_integer_traits.hpp:57:20: warning: ISO C++ does not support '__int128' for 'type name' [-Wpedantic]
     D:/RCompile/CRANpkg/lib/4.3/BH/include/boost/multiprecision/traits/std_integer_traits.hpp:59:17: warning: ISO C++ does not support '__int128' for 'type name' [-Wpedantic]
     D:/RCompile/CRANpkg/lib/4.3/BH/include/boost/multiprecision/traits/std_integer_traits.hpp:62:29: warning: ISO C++ does not support '__int128' for 'type name' [-Wpedantic]
     D:/RCompile/CRANpkg/lib/4.3/BH/include/boost/multiprecision/traits/std_integer_traits.hpp:64:17: warning: ISO C++ does not support '__int128' for 'type name' [-Wpedantic]
     D:/RCompile/CRANpkg/lib/4.3/BH/include/boost/multiprecision/detail/default_ops.hpp:1652:16: warning: ISO C++ does not support '__int128' for 'a' [-Wpedantic]
     D:/RCompile/CRANpkg/lib/4.3/BH/include/boost/multiprecision/detail/default_ops.hpp:1652:16: warning: ISO C++ does not support '__int128' for 'b' [-Wpedantic]
     D:/RCompile/CRANpkg/lib/4.3/BH/include/boost/multiprecision/detail/default_ops.hpp:1652:16: warning: ISO C++ does not support '__int128' for 'c' [-Wpedantic]
     D:/RCompile/CRANpkg/lib/4.3/BH/include/boost/multiprecision/detail/hash.hpp:23:39: warning: ISO C++ does not support '__int128' for 'val' [-Wpedantic]
     D:/RCompile/CRANpkg/lib/4.3/BH/include/boost/multiprecision/detail/hash.hpp:25:37: warning: ISO C++ does not support '__int128' for 'val' [-Wpedantic]
     D:/RCompile/CRANpkg/lib/4.3/BH/include/boost/multiprecision/detail/hash.hpp:27:43: warning: ISO C++ does not support '__int128' for 'type name' [-Wpedantic]
     D:/RCompile/CRANpkg/lib/4.3/BH/include/boost/multiprecision/detail/hash.hpp:44:46: warning: ISO C++ does not support '__int128' for 'val' [-Wpedantic]
     D:/RCompile/CRANpkg/lib/4.3/BH/include/boost/multiprecision/integer.hpp:214:71: warning: ISO C++ does not support '__int128' for 'type name' [-Wpedantic]
Flavor: r-devel-windows-x86_64

Version: 5.0
Check: whether package can be installed
Result: WARN
    Found the following significant warnings:
     D:/RCompile/CRANpkg/lib/4.2/BH/include/boost/multiprecision/traits/std_integer_traits.hpp:31:18: warning: ISO C++ does not support '__int128' for 'type name' [-Wpedantic]
     D:/RCompile/CRANpkg/lib/4.2/BH/include/boost/multiprecision/traits/std_integer_traits.hpp:33:27: warning: ISO C++ does not support '__int128' for 'type name' [-Wpedantic]
     D:/RCompile/CRANpkg/lib/4.2/BH/include/boost/multiprecision/traits/std_integer_traits.hpp:35:20: warning: ISO C++ does not support '__int128' for 'type name' [-Wpedantic]
     D:/RCompile/CRANpkg/lib/4.2/BH/include/boost/multiprecision/traits/std_integer_traits.hpp:37:29: warning: ISO C++ does not support '__int128' for 'type name' [-Wpedantic]
     D:/RCompile/CRANpkg/lib/4.2/BH/include/boost/multiprecision/traits/std_integer_traits.hpp:39:20: warning: ISO C++ does not support '__int128' for 'type name' [-Wpedantic]
     D:/RCompile/CRANpkg/lib/4.2/BH/include/boost/multiprecision/traits/std_integer_traits.hpp:41:29: warning: ISO C++ does not support '__int128' for 'type name' [-Wpedantic]
     D:/RCompile/CRANpkg/lib/4.2/BH/include/boost/multiprecision/traits/std_integer_traits.hpp:43:22: warning: ISO C++ does not support '__int128' for 'type name' [-Wpedantic]
     D:/RCompile/CRANpkg/lib/4.2/BH/include/boost/multiprecision/traits/std_integer_traits.hpp:45:31: warning: ISO C++ does not support '__int128' for 'type name' [-Wpedantic]
     D:/RCompile/CRANpkg/lib/4.2/BH/include/boost/multiprecision/traits/std_integer_traits.hpp:47:22: warning: ISO C++ does not support '__int128' for 'type name' [-Wpedantic]
     D:/RCompile/CRANpkg/lib/4.2/BH/include/boost/multiprecision/traits/std_integer_traits.hpp:49:26: warning: ISO C++ does not support '__int128' for 'type name' [-Wpedantic]
     D:/RCompile/CRANpkg/lib/4.2/BH/include/boost/multiprecision/traits/std_integer_traits.hpp:52:31: warning: ISO C++ does not support '__int128' for 'type name' [-Wpedantic]
     D:/RCompile/CRANpkg/lib/4.2/BH/include/boost/multiprecision/traits/std_integer_traits.hpp:54:26: warning: ISO C++ does not support '__int128' for 'type name' [-Wpedantic]
     D:/RCompile/CRANpkg/lib/4.2/BH/include/boost/multiprecision/traits/std_integer_traits.hpp:57:20: warning: ISO C++ does not support '__int128' for 'type name' [-Wpedantic]
     D:/RCompile/CRANpkg/lib/4.2/BH/include/boost/multiprecision/traits/std_integer_traits.hpp:59:17: warning: ISO C++ does not support '__int128' for 'type name' [-Wpedantic]
     D:/RCompile/CRANpkg/lib/4.2/BH/include/boost/multiprecision/traits/std_integer_traits.hpp:62:29: warning: ISO C++ does not support '__int128' for 'type name' [-Wpedantic]
     D:/RCompile/CRANpkg/lib/4.2/BH/include/boost/multiprecision/traits/std_integer_traits.hpp:64:17: warning: ISO C++ does not support '__int128' for 'type name' [-Wpedantic]
     D:/RCompile/CRANpkg/lib/4.2/BH/include/boost/multiprecision/detail/default_ops.hpp:1652:16: warning: ISO C++ does not support '__int128' for 'a' [-Wpedantic]
     D:/RCompile/CRANpkg/lib/4.2/BH/include/boost/multiprecision/detail/default_ops.hpp:1652:16: warning: ISO C++ does not support '__int128' for 'b' [-Wpedantic]
     D:/RCompile/CRANpkg/lib/4.2/BH/include/boost/multiprecision/detail/default_ops.hpp:1652:16: warning: ISO C++ does not support '__int128' for 'c' [-Wpedantic]
     D:/RCompile/CRANpkg/lib/4.2/BH/include/boost/multiprecision/detail/hash.hpp:23:39: warning: ISO C++ does not support '__int128' for 'val' [-Wpedantic]
     D:/RCompile/CRANpkg/lib/4.2/BH/include/boost/multiprecision/detail/hash.hpp:25:37: warning: ISO C++ does not support '__int128' for 'val' [-Wpedantic]
     D:/RCompile/CRANpkg/lib/4.2/BH/include/boost/multiprecision/detail/hash.hpp:27:43: warning: ISO C++ does not support '__int128' for 'type name' [-Wpedantic]
     D:/RCompile/CRANpkg/lib/4.2/BH/include/boost/multiprecision/detail/hash.hpp:44:46: warning: ISO C++ does not support '__int128' for 'val' [-Wpedantic]
     D:/RCompile/CRANpkg/lib/4.2/BH/include/boost/multiprecision/integer.hpp:214:71: warning: ISO C++ does not support '__int128' for 'type name' [-Wpedantic]
Flavor: r-release-windows-x86_64

Version: 5.0
Check: whether package can be installed
Result: WARN
    Found the following significant warnings:
     d:/RCompile/CRANpkg/lib/4.1/BH/include/boost/multiprecision/traits/std_integer_traits.hpp:31:18: warning: ISO C++ does not support '__int128' for 'type name' [-Wpedantic]
     d:/RCompile/CRANpkg/lib/4.1/BH/include/boost/multiprecision/traits/std_integer_traits.hpp:33:27: warning: ISO C++ does not support '__int128' for 'type name' [-Wpedantic]
     d:/RCompile/CRANpkg/lib/4.1/BH/include/boost/multiprecision/traits/std_integer_traits.hpp:35:20: warning: ISO C++ does not support '__int128' for 'type name' [-Wpedantic]
     d:/RCompile/CRANpkg/lib/4.1/BH/include/boost/multiprecision/traits/std_integer_traits.hpp:37:29: warning: ISO C++ does not support '__int128' for 'type name' [-Wpedantic]
     d:/RCompile/CRANpkg/lib/4.1/BH/include/boost/multiprecision/traits/std_integer_traits.hpp:39:20: warning: ISO C++ does not support '__int128' for 'type name' [-Wpedantic]
     d:/RCompile/CRANpkg/lib/4.1/BH/include/boost/multiprecision/traits/std_integer_traits.hpp:41:29: warning: ISO C++ does not support '__int128' for 'type name' [-Wpedantic]
     d:/RCompile/CRANpkg/lib/4.1/BH/include/boost/multiprecision/traits/std_integer_traits.hpp:43:22: warning: ISO C++ does not support '__int128' for 'type name' [-Wpedantic]
     d:/RCompile/CRANpkg/lib/4.1/BH/include/boost/multiprecision/traits/std_integer_traits.hpp:45:31: warning: ISO C++ does not support '__int128' for 'type name' [-Wpedantic]
     d:/RCompile/CRANpkg/lib/4.1/BH/include/boost/multiprecision/traits/std_integer_traits.hpp:47:22: warning: ISO C++ does not support '__int128' for 'type name' [-Wpedantic]
     d:/RCompile/CRANpkg/lib/4.1/BH/include/boost/multiprecision/traits/std_integer_traits.hpp:49:26: warning: ISO C++ does not support '__int128' for 'type name' [-Wpedantic]
     d:/RCompile/CRANpkg/lib/4.1/BH/include/boost/multiprecision/traits/std_integer_traits.hpp:52:31: warning: ISO C++ does not support '__int128' for 'type name' [-Wpedantic]
     d:/RCompile/CRANpkg/lib/4.1/BH/include/boost/multiprecision/traits/std_integer_traits.hpp:54:26: warning: ISO C++ does not support '__int128' for 'type name' [-Wpedantic]
     d:/RCompile/CRANpkg/lib/4.1/BH/include/boost/multiprecision/traits/std_integer_traits.hpp:57:20: warning: ISO C++ does not support '__int128' for 'type name' [-Wpedantic]
     d:/RCompile/CRANpkg/lib/4.1/BH/include/boost/multiprecision/traits/std_integer_traits.hpp:59:17: warning: ISO C++ does not support '__int128' for 'type name' [-Wpedantic]
     d:/RCompile/CRANpkg/lib/4.1/BH/include/boost/multiprecision/traits/std_integer_traits.hpp:62:29: warning: ISO C++ does not support '__int128' for 'type name' [-Wpedantic]
     d:/RCompile/CRANpkg/lib/4.1/BH/include/boost/multiprecision/traits/std_integer_traits.hpp:64:17: warning: ISO C++ does not support '__int128' for 'type name' [-Wpedantic]
     d:/RCompile/CRANpkg/lib/4.1/BH/include/boost/multiprecision/detail/default_ops.hpp:1652:25: warning: ISO C++ does not support '__int128' for 'a' [-Wpedantic]
     d:/RCompile/CRANpkg/lib/4.1/BH/include/boost/multiprecision/detail/default_ops.hpp:1652:30: warning: ISO C++ does not support '__int128' for 'b' [-Wpedantic]
     d:/RCompile/CRANpkg/lib/4.1/BH/include/boost/multiprecision/detail/default_ops.hpp:1652:35: warning: ISO C++ does not support '__int128' for 'c' [-Wpedantic]
     d:/RCompile/CRANpkg/lib/4.1/BH/include/boost/multiprecision/detail/hash.hpp:23:49: warning: ISO C++ does not support '__int128' for 'val' [-Wpedantic]
     d:/RCompile/CRANpkg/lib/4.1/BH/include/boost/multiprecision/detail/hash.hpp:25:47: warning: ISO C++ does not support '__int128' for 'val' [-Wpedantic]
     d:/RCompile/CRANpkg/lib/4.1/BH/include/boost/multiprecision/detail/hash.hpp:27:43: warning: ISO C++ does not support '__int128' for 'type name' [-Wpedantic]
     d:/RCompile/CRANpkg/lib/4.1/BH/include/boost/multiprecision/detail/hash.hpp:44:56: warning: ISO C++ does not support '__int128' for 'val' [-Wpedantic]
     d:/RCompile/CRANpkg/lib/4.1/BH/include/boost/multiprecision/integer.hpp:214:71: warning: ISO C++ does not support '__int128' for 'type name' [-Wpedantic]
Flavor: r-oldrel-windows-ix86+x86_64