CRAN Package Check Results for Package DLMtool

Last updated on 2022-12-06 04:02:50 CET.

Flavor Version Tinstall Tcheck Ttotal Status Flags
r-devel-linux-x86_64-debian-clang 6.0.6 110.02 129.16 239.18 NOTE
r-devel-linux-x86_64-debian-gcc 6.0.6 81.43 94.82 176.25 NOTE
r-devel-linux-x86_64-fedora-clang 6.0.6 319.60 NOTE
r-devel-linux-x86_64-fedora-gcc 6.0.6 296.45 NOTE
r-devel-windows-x86_64 6.0.6 110.00 211.00 321.00 NOTE --no-vignettes
r-patched-linux-x86_64 6.0.6 68.79 115.91 184.70 OK
r-release-linux-x86_64 6.0.6 66.37 115.79 182.16 OK
r-release-macos-arm64 6.0.6 72.00 NOTE
r-release-macos-x86_64 6.0.6 101.00 NOTE
r-release-windows-x86_64 6.0.6 115.00 173.00 288.00 NOTE --no-vignettes
r-oldrel-macos-arm64 6.0.6 72.00 NOTE
r-oldrel-macos-x86_64 6.0.6 99.00 NOTE
r-oldrel-windows-ix86+x86_64 6.0.6 206.00 236.00 442.00 NOTE --no-vignettes

Check Details

Version: 6.0.6
Check: package subdirectories
Result: NOTE
    Problems with news in 'NEWS.md':
     Cannot extract version info from the following section titles:
     Changes to previous versions
     Minor changes
     Fixes
     Previous Versions
Flavors: r-devel-linux-x86_64-debian-clang, r-devel-linux-x86_64-debian-gcc, r-devel-linux-x86_64-fedora-clang, r-devel-linux-x86_64-fedora-gcc

Version: 6.0.6
Flags: --no-vignettes
Check: installed package size
Result: NOTE
     installed size is 14.2Mb
     sub-directories of 1Mb or more:
     libs 13.5Mb
Flavors: r-devel-windows-x86_64, r-release-windows-x86_64, r-oldrel-windows-ix86+x86_64

Version: 6.0.6
Flags: --no-vignettes
Check: package subdirectories
Result: NOTE
    Problems with news in 'NEWS.md':
     Cannot extract version info from the following section titles:
     Changes to previous versions
     Minor changes
     Fixes
     Previous Versions
Flavor: r-devel-windows-x86_64

Version: 6.0.6
Check: installed package size
Result: NOTE
     installed size is 34.2Mb
     sub-directories of 1Mb or more:
     libs 33.5Mb
Flavors: r-release-macos-arm64, r-release-macos-x86_64, r-oldrel-macos-arm64, r-oldrel-macos-x86_64