CRAN Package Check Results for Package DPQmpfr

Last updated on 2022-10-04 04:50:28 CEST.

Flavor Version Tinstall Tcheck Ttotal Status Flags
r-devel-linux-x86_64-debian-clang 0.3-1 4.18 179.86 184.04 OK
r-devel-linux-x86_64-debian-gcc 0.3-1 3.39 135.72 139.11 OK
r-devel-linux-x86_64-fedora-clang 0.3-1 236.91 NOTE
r-devel-linux-x86_64-fedora-gcc 0.3-1 227.54 NOTE
r-devel-windows-x86_64 0.3-1 20.00 198.00 218.00 OK
r-patched-linux-x86_64 0.3-1 8.43 172.83 181.26 OK
r-release-linux-x86_64 0.3-1 5.01 170.33 175.34 OK
r-release-macos-arm64 0.3-1 53.00 NOTE
r-release-macos-x86_64 0.3-1 77.00 NOTE
r-release-windows-x86_64 0.3-1 11.00 196.00 207.00 OK
r-oldrel-macos-arm64 0.3-1 57.00 NOTE
r-oldrel-macos-x86_64 0.3-1 112.00 NOTE
r-oldrel-windows-ix86+x86_64 0.3-1 12.00 208.00 220.00 OK

Check Details

Version: 0.3-1
Check: dependencies in R code
Result: NOTE
    Namespace in Imports field not imported from: ‘graphics’
     All declared Imports should be used.
Flavors: r-devel-linux-x86_64-fedora-clang, r-devel-linux-x86_64-fedora-gcc, r-release-macos-arm64, r-release-macos-x86_64, r-oldrel-macos-arm64, r-oldrel-macos-x86_64