CRAN Package Check Results for Package DR.SC

Last updated on 2022-08-07 04:53:35 CEST.

Flavor Version Tinstall Tcheck Ttotal Status Flags
r-devel-linux-x86_64-debian-clang 2.9 149.08 297.76 446.84 OK
r-devel-linux-x86_64-debian-gcc 2.9 126.53 221.03 347.56 OK
r-devel-linux-x86_64-fedora-clang 2.9 600.35 NOTE
r-devel-linux-x86_64-fedora-gcc 2.9 551.77 OK
r-devel-windows-x86_64 2.9 125.00 328.00 453.00 OK
r-patched-linux-x86_64 2.9 142.84 281.99 424.83 OK
r-release-linux-x86_64 2.9 127.36 286.59 413.95 OK
r-release-macos-arm64 2.9 140.00 NOTE
r-release-macos-x86_64 2.9 186.00 NOTE
r-release-windows-x86_64 2.9 129.00 324.00 453.00 OK
r-oldrel-macos-arm64 2.9 122.00 NOTE
r-oldrel-macos-x86_64 2.9 182.00 NOTE
r-oldrel-windows-ix86+x86_64 2.9 365.00 435.00 800.00 OK

Check Details

Version: 2.9
Check: installed package size
Result: NOTE
     installed size is 7.7Mb
     sub-directories of 1Mb or more:
     data 1.6Mb
     libs 5.8Mb
Flavors: r-devel-linux-x86_64-fedora-clang, r-release-macos-arm64, r-release-macos-x86_64, r-oldrel-macos-arm64, r-oldrel-macos-x86_64